CRAN Package Check Results for Package aod

Last updated on 2020-12-01 23:48:21 CET.

Flavor Version Tinstall Tcheck Ttotal Status Flags
r-devel-linux-x86_64-debian-clang 1.3.1 7.22 46.57 53.79 NOTE
r-devel-linux-x86_64-debian-gcc 1.3.1 5.45 35.56 41.01 NOTE
r-devel-linux-x86_64-fedora-clang 1.3.1 68.68 NOTE
r-devel-linux-x86_64-fedora-gcc 1.3.1 60.08 NOTE
r-devel-windows-ix86+x86_64 1.3.1 14.00 68.00 82.00 NOTE
r-patched-linux-x86_64 1.3.1 5.91 44.95 50.86 NOTE
r-patched-solaris-x86 1.3.1 83.10 NOTE
r-release-linux-x86_64 1.3.1 6.02 44.83 50.85 NOTE
r-release-macos-x86_64 1.3.1 NOTE
r-release-windows-ix86+x86_64 1.3.1 15.00 52.00 67.00 NOTE
r-oldrel-macos-x86_64 1.3.1 NOTE
r-oldrel-windows-ix86+x86_64 1.3.1 8.00 64.00 72.00 NOTE

Check Details

Version: 1.3.1
Check: dependencies in R code
Result: NOTE
    'library' or 'require' call to 'boot' in package code.
     Please use :: or requireNamespace() instead.
     See section 'Suggested packages' in the 'Writing R Extensions' manual.
Flavors: r-devel-linux-x86_64-debian-clang, r-devel-linux-x86_64-debian-gcc, r-devel-linux-x86_64-fedora-clang, r-devel-linux-x86_64-fedora-gcc, r-devel-windows-ix86+x86_64, r-patched-linux-x86_64, r-patched-solaris-x86, r-release-linux-x86_64, r-release-macos-x86_64, r-release-windows-ix86+x86_64, r-oldrel-macos-x86_64, r-oldrel-windows-ix86+x86_64

Version: 1.3.1
Check: R code for possible problems
Result: NOTE
    varbin: no visible global function definition for 'boot'
    Undefined global functions or variables:
     boot
Flavors: r-devel-linux-x86_64-debian-clang, r-devel-linux-x86_64-debian-gcc, r-devel-linux-x86_64-fedora-clang, r-devel-linux-x86_64-fedora-gcc, r-devel-windows-ix86+x86_64, r-patched-linux-x86_64, r-patched-solaris-x86, r-release-linux-x86_64, r-release-macos-x86_64, r-release-windows-ix86+x86_64, r-oldrel-macos-x86_64, r-oldrel-windows-ix86+x86_64

Version: 1.3.1
Check: Rd cross-references
Result: NOTE
    Undeclared packages ‘geepack’, ‘dispmod’ in Rd xrefs
Flavor: r-devel-linux-x86_64-fedora-clang