CRAN Package Check Results for Package aopdata

Last updated on 2022-01-23 17:48:08 CET.

Flavor Version Tinstall Tcheck Ttotal Status Flags
r-devel-linux-x86_64-debian-clang 0.2.2 2.34 58.36 60.70 OK
r-devel-linux-x86_64-debian-gcc 0.2.2 2.52 37.65 40.17 WARN
r-devel-linux-x86_64-fedora-clang 0.2.2 60.56 WARN
r-devel-linux-x86_64-fedora-gcc 0.2.2 59.29 OK
r-devel-windows-x86_64-new-UL 0.2.2 24.00 96.00 120.00 WARN
r-devel-windows-x86_64-new-TK 0.2.2 WARN
r-patched-linux-x86_64 0.2.2 2.56 60.00 62.56 OK
r-release-linux-x86_64 0.2.2 3.13 48.29 51.42 WARN
r-release-macos-arm64 0.2.2 OK
r-release-macos-x86_64 0.2.2 OK
r-release-windows-ix86+x86_64 0.2.2 10.00 93.00 103.00 OK
r-oldrel-macos-x86_64 0.2.2 OK
r-oldrel-windows-ix86+x86_64 0.2.2 11.00 97.00 108.00 OK

Check Details

Version: 0.2.2
Check: re-building of vignette outputs
Result: WARN
    Error(s) in re-building vignettes:
     ...
    --- re-building ‘access_inequality.Rmd’ using rmarkdown
    Linking to GEOS 3.10.1, GDAL 3.4.1, PROJ 8.2.1; sf_use_s2() is TRUE
    udunits database from /usr/share/xml/udunits/udunits2.xml
    Timeout was reached: [www.ipea.gov.br] Resolving timed out after 10000 milliseconds
    Problem connecting to data server. Please try aopdata again in a few minutes.
    Quitting from lines 36-42 (access_inequality.Rmd)
    Error: processing vignette ‘access_inequality.Rmd’ failed with diagnostics:
    Timeout was reached: [www.ipea.gov.br] Resolving timed out after 10000 milliseconds
    --- failed re-building ‘access_inequality.Rmd’
    
    --- re-building ‘access_maps.Rmd’ using rmarkdown
    Quitting from lines 36-43 (access_maps.Rmd)
    Error: processing vignette ‘access_maps.Rmd’ failed with diagnostics:
    object ‘type’ not found
    --- failed re-building ‘access_maps.Rmd’
    
    --- re-building ‘intro_to_aopdata.Rmd’ using rmarkdown
    Quitting from lines 83-92 (intro_to_aopdata.Rmd)
    Error: processing vignette ‘intro_to_aopdata.Rmd’ failed with diagnostics:
    object ‘type’ not found
    --- failed re-building ‘intro_to_aopdata.Rmd’
    
    --- re-building ‘landuse_maps.Rmd’ using rmarkdown
    Quitting from lines 33-40 (landuse_maps.Rmd)
    Error: processing vignette ‘landuse_maps.Rmd’ failed with diagnostics:
    object ‘type’ not found
    --- failed re-building ‘landuse_maps.Rmd’
    
    SUMMARY: processing the following files failed:
     ‘access_inequality.Rmd’ ‘access_maps.Rmd’ ‘intro_to_aopdata.Rmd’
     ‘landuse_maps.Rmd’
    
    Error: Vignette re-building failed.
    Execution halted
Flavor: r-devel-linux-x86_64-debian-gcc

Version: 0.2.2
Check: re-building of vignette outputs
Result: WARN
    Error(s) in re-building vignettes:
    --- re-building ‘access_inequality.Rmd’ using rmarkdown
    Linking to GEOS 3.8.1, GDAL 3.0.4, PROJ 6.3.2; sf_use_s2() is TRUE
    udunits database from /usr/share/udunits/udunits2.xml
    Timeout was reached: [www.ipea.gov.br] Resolving timed out after 10000 milliseconds
    Problem connecting to data server. Please try aopdata again in a few minutes.
    Quitting from lines 36-42 (access_inequality.Rmd)
    Error: processing vignette 'access_inequality.Rmd' failed with diagnostics:
    Timeout was reached: [www.ipea.gov.br] Resolving timed out after 10000 milliseconds
    --- failed re-building ‘access_inequality.Rmd’
    
    --- re-building ‘access_maps.Rmd’ using rmarkdown
    Quitting from lines 36-43 (access_maps.Rmd)
    Error: processing vignette 'access_maps.Rmd' failed with diagnostics:
    object 'type' not found
    --- failed re-building ‘access_maps.Rmd’
    
    --- re-building ‘intro_to_aopdata.Rmd’ using rmarkdown
    Quitting from lines 83-92 (intro_to_aopdata.Rmd)
    Error: processing vignette 'intro_to_aopdata.Rmd' failed with diagnostics:
    object 'type' not found
    --- failed re-building ‘intro_to_aopdata.Rmd’
    
    --- re-building ‘landuse_maps.Rmd’ using rmarkdown
    Quitting from lines 33-40 (landuse_maps.Rmd)
    Error: processing vignette 'landuse_maps.Rmd' failed with diagnostics:
    object 'type' not found
    --- failed re-building ‘landuse_maps.Rmd’
    
    SUMMARY: processing the following files failed:
     ‘access_inequality.Rmd’ ‘access_maps.Rmd’ ‘intro_to_aopdata.Rmd’
     ‘landuse_maps.Rmd’
    
    Error: Vignette re-building failed.
    Execution halted
Flavor: r-devel-linux-x86_64-fedora-clang

Version: 0.2.2
Check: re-building of vignette outputs
Result: WARN
    Error(s) in re-building vignettes:
    --- re-building 'access_inequality.Rmd' using rmarkdown
    Linking to GEOS 3.9.1, GDAL 3.3.2, PROJ 7.2.1; sf_use_s2() is TRUE
    udunits database from D:/RCompile/CRANpkg/lib/4.2/units/share/udunits/udunits2.xml
    Timeout was reached: [www.ipea.gov.br] Resolving timed out after 10000 milliseconds
    Problem connecting to data server. Please try aopdata again in a few minutes.
    Quitting from lines 36-42 (access_inequality.Rmd)
    Error: processing vignette 'access_inequality.Rmd' failed with diagnostics:
    Could not resolve host: www.ipea.gov.br
    --- failed re-building 'access_inequality.Rmd'
    
    --- re-building 'access_maps.Rmd' using rmarkdown
    Quitting from lines 36-43 (access_maps.Rmd)
    Error: processing vignette 'access_maps.Rmd' failed with diagnostics:
    object 'type' not found
    --- failed re-building 'access_maps.Rmd'
    
    --- re-building 'intro_to_aopdata.Rmd' using rmarkdown
    Quitting from lines 83-92 (intro_to_aopdata.Rmd)
    Error: processing vignette 'intro_to_aopdata.Rmd' failed with diagnostics:
    object 'type' not found
    --- failed re-building 'intro_to_aopdata.Rmd'
    
    --- re-building 'landuse_maps.Rmd' using rmarkdown
    Quitting from lines 33-40 (landuse_maps.Rmd)
    Error: processing vignette 'landuse_maps.Rmd' failed with diagnostics:
    object 'type' not found
    --- failed re-building 'landuse_maps.Rmd'
    
    SUMMARY: processing the following files failed:
     'access_inequality.Rmd' 'access_maps.Rmd' 'intro_to_aopdata.Rmd'
     'landuse_maps.Rmd'
    
    Error: Vignette re-building failed.
    Execution halted
Flavor: r-devel-windows-x86_64-new-UL

Version: 0.2.2
Check: re-building of vignette outputs
Result: WARN
    Error(s) in re-building vignettes:
    --- re-building 'access_inequality.Rmd' using rmarkdown
    Linking to GEOS 3.9.1, GDAL 3.3.2, PROJ 7.2.1; sf_use_s2() is TRUE
    udunits database from C:/r_packages/pkgcheck/lib/units/share/udunits/udunits2.xml
    Timeout was reached: [www.ipea.gov.br] Resolving timed out after 10000 milliseconds
    Problem connecting to data server. Please try aopdata again in a few minutes.
    Quitting from lines 36-42 (access_inequality.Rmd)
    Error: processing vignette 'access_inequality.Rmd' failed with diagnostics:
    Timeout was reached: [www.ipea.gov.br] Resolving timed out after 10000 milliseconds
    --- failed re-building 'access_inequality.Rmd'
    
    --- re-building 'access_maps.Rmd' using rmarkdown
    Quitting from lines 36-43 (access_maps.Rmd)
    Error: processing vignette 'access_maps.Rmd' failed with diagnostics:
    object 'type' not found
    --- failed re-building 'access_maps.Rmd'
    
    --- re-building 'intro_to_aopdata.Rmd' using rmarkdown
    Quitting from lines 83-92 (intro_to_aopdata.Rmd)
    Error: processing vignette 'intro_to_aopdata.Rmd' failed with diagnostics:
    object 'type' not found
    --- failed re-building 'intro_to_aopdata.Rmd'
    
    --- re-building 'landuse_maps.Rmd' using rmarkdown
    Quitting from lines 33-40 (landuse_maps.Rmd)
    Error: processing vignette 'landuse_maps.Rmd' failed with diagnostics:
    object 'type' not found
    --- failed re-building 'landuse_maps.Rmd'
    
    SUMMARY: processing the following files failed:
     'access_inequality.Rmd' 'access_maps.Rmd' 'intro_to_aopdata.Rmd'
     'landuse_maps.Rmd'
    
    Error: Vignette re-building failed.
    Execution halted
Flavor: r-devel-windows-x86_64-new-TK

Version: 0.2.2
Check: re-building of vignette outputs
Result: WARN
    Error(s) in re-building vignettes:
     ...
    --- re-building ‘access_inequality.Rmd’ using rmarkdown
    Linking to GEOS 3.10.1, GDAL 3.4.1, PROJ 8.2.1; sf_use_s2() is TRUE
    udunits database from /usr/share/xml/udunits/udunits2.xml
    Timeout was reached: [www.ipea.gov.br] Resolving timed out after 10000 milliseconds
    Problem connecting to data server. Please try aopdata again in a few minutes.
    Quitting from lines 36-42 (access_inequality.Rmd)
    Error: processing vignette 'access_inequality.Rmd' failed with diagnostics:
    Timeout was reached: [www.ipea.gov.br] Resolving timed out after 10000 milliseconds
    --- failed re-building ‘access_inequality.Rmd’
    
    --- re-building ‘access_maps.Rmd’ using rmarkdown
    Linking to GEOS 3.10.1, GDAL 3.4.1, PROJ 8.2.1; sf_use_s2() is TRUE
    Timeout was reached: [www.ipea.gov.br] Resolving timed out after 10000 milliseconds
    Problem connecting to data server. Please try aopdata again in a few minutes.
    Quitting from lines 36-43 (access_maps.Rmd)
    Error: processing vignette 'access_maps.Rmd' failed with diagnostics:
    Timeout was reached: [www.ipea.gov.br] Resolving timed out after 10000 milliseconds
    --- failed re-building ‘access_maps.Rmd’
    
    --- re-building ‘intro_to_aopdata.Rmd’ using rmarkdown
    Quitting from lines 83-92 (intro_to_aopdata.Rmd)
    Error: processing vignette 'intro_to_aopdata.Rmd' failed with diagnostics:
    Timeout was reached: [www.ipea.gov.br] Resolving timed out after 10000 milliseconds
    --- failed re-building ‘intro_to_aopdata.Rmd’
    
    --- re-building ‘landuse_maps.Rmd’ using rmarkdown
    Linking to GEOS 3.10.1, GDAL 3.4.1, PROJ 8.2.1; sf_use_s2() is TRUE
    Timeout was reached: [www.ipea.gov.br] Resolving timed out after 10000 milliseconds
    Problem connecting to data server. Please try aopdata again in a few minutes.
    Quitting from lines 33-40 (landuse_maps.Rmd)
    Error: processing vignette 'landuse_maps.Rmd' failed with diagnostics:
    Timeout was reached: [www.ipea.gov.br] Resolving timed out after 10000 milliseconds
    --- failed re-building ‘landuse_maps.Rmd’
    
    SUMMARY: processing the following files failed:
     ‘access_inequality.Rmd’ ‘access_maps.Rmd’ ‘intro_to_aopdata.Rmd’
     ‘landuse_maps.Rmd’
    
    Error: Vignette re-building failed.
    Execution halted
Flavor: r-release-linux-x86_64