CRAN Package Check Results for Package apcf

Last updated on 2020-12-04 01:50:56 CET.

Flavor Version Tinstall Tcheck Ttotal Status Flags
r-devel-linux-x86_64-debian-clang 0.1.5 63.15 50.66 113.81 OK
r-devel-linux-x86_64-debian-gcc 0.1.5 38.06 40.28 78.34 OK
r-devel-linux-x86_64-fedora-clang 0.1.5 152.15 OK
r-devel-linux-x86_64-fedora-gcc 0.1.5 129.67 OK
r-devel-windows-ix86+x86_64 0.1.5 161.00 360.00 521.00 NOTE
r-patched-linux-x86_64 0.1.5 46.45 49.51 95.96 OK
r-patched-solaris-x86 0.1.5 157.20 OK
r-release-linux-x86_64 0.1.5 45.22 50.07 95.29 OK
r-release-macos-x86_64 0.1.5 NOTE
r-release-windows-ix86+x86_64 0.1.5 127.00 366.00 493.00 NOTE
r-oldrel-macos-x86_64 0.1.5 NOTE
r-oldrel-windows-ix86+x86_64 0.1.5 123.00 423.00 546.00 NOTE

Check Details

Version: 0.1.5
Check: installed package size
Result: NOTE
     installed size is 73.7Mb
     sub-directories of 1Mb or more:
     gdal 3.8Mb
     libs 69.5Mb
Flavors: r-devel-windows-ix86+x86_64, r-release-macos-x86_64, r-release-windows-ix86+x86_64, r-oldrel-macos-x86_64, r-oldrel-windows-ix86+x86_64