CRAN Package Check Results for Package apercu

Last updated on 2020-12-04 01:50:56 CET.

Flavor Version Tinstall Tcheck Ttotal Status Flags
r-devel-linux-x86_64-debian-clang 0.2.4 2.40 23.28 25.68 OK
r-devel-linux-x86_64-debian-gcc 0.2.4 2.10 20.77 22.87 OK
r-devel-linux-x86_64-fedora-clang 0.2.4 37.16 NOTE
r-devel-linux-x86_64-fedora-gcc 0.2.4 27.86 NOTE
r-devel-windows-ix86+x86_64 0.2.4 5.00 37.00 42.00 OK
r-patched-linux-x86_64 0.2.4 2.32 22.87 25.19 OK
r-patched-solaris-x86 0.2.4 43.20 NOTE
r-release-linux-x86_64 0.2.4 2.33 22.56 24.89 OK
r-release-macos-x86_64 0.2.4 NOTE
r-release-windows-ix86+x86_64 0.2.4 5.00 30.00 35.00 OK
r-oldrel-macos-x86_64 0.2.4 NOTE
r-oldrel-windows-ix86+x86_64 0.2.4 3.00 36.00 39.00 OK

Check Details

Version: 0.2.4
Check: dependencies in R code
Result: NOTE
    Namespace in Imports field not imported from: ‘pls’
     All declared Imports should be used.
Flavors: r-devel-linux-x86_64-fedora-clang, r-devel-linux-x86_64-fedora-gcc, r-patched-solaris-x86, r-release-macos-x86_64, r-oldrel-macos-x86_64