CRAN Package Check Results for Package aprof

Last updated on 2020-12-02 00:47:59 CET.

Flavor Version Tinstall Tcheck Ttotal Status Flags
r-devel-linux-x86_64-debian-clang 0.4.1 3.72 23.01 26.73 OK
r-devel-linux-x86_64-debian-gcc 0.4.1 2.78 20.15 22.93 OK
r-devel-linux-x86_64-fedora-clang 0.4.1 38.39 NOTE
r-devel-linux-x86_64-fedora-gcc 0.4.1 28.33 NOTE
r-devel-windows-ix86+x86_64 0.4.1 5.00 35.00 40.00 OK
r-patched-linux-x86_64 0.4.1 2.82 23.22 26.04 OK
r-patched-solaris-x86 0.4.1 41.70 NOTE
r-release-linux-x86_64 0.4.1 2.89 22.31 25.20 OK
r-release-macos-x86_64 0.4.1 NOTE
r-release-windows-ix86+x86_64 0.4.1 5.00 26.00 31.00 OK
r-oldrel-macos-x86_64 0.4.1 NOTE
r-oldrel-windows-ix86+x86_64 0.4.1 4.00 35.00 39.00 OK

Check Details

Version: 0.4.1
Check: dependencies in R code
Result: NOTE
    Namespace in Imports field not imported from: ‘testthat’
     All declared Imports should be used.
Flavors: r-devel-linux-x86_64-fedora-clang, r-devel-linux-x86_64-fedora-gcc, r-patched-solaris-x86, r-release-macos-x86_64, r-oldrel-macos-x86_64