CRAN Package Check Results for Package aqp

Last updated on 2020-11-28 19:46:54 CET.

Flavor Version Tinstall Tcheck Ttotal Status Flags
r-devel-linux-x86_64-debian-clang 1.25 23.85 188.73 212.58 OK
r-devel-linux-x86_64-debian-gcc 1.25 16.61 140.18 156.79 OK
r-devel-linux-x86_64-fedora-clang 1.25 247.41 NOTE
r-devel-linux-x86_64-fedora-gcc 1.25 245.86 NOTE
r-devel-windows-ix86+x86_64 1.25 31.00 222.00 253.00 OK
r-patched-linux-x86_64 1.25 23.03 180.52 203.55 OK
r-patched-solaris-x86 1.25 301.40 NOTE
r-release-linux-x86_64 1.25 22.75 180.50 203.25 OK
r-release-macos-x86_64 1.25 NOTE
r-release-windows-ix86+x86_64 1.25 32.00 186.00 218.00 OK
r-oldrel-macos-x86_64 1.25 ERROR
r-oldrel-windows-ix86+x86_64 1.25 29.00 236.00 265.00 OK

Check Details

Version: 1.25
Check: data for non-ASCII characters
Result: NOTE
     Note: found 1 marked Latin-1 string
Flavors: r-devel-linux-x86_64-fedora-clang, r-devel-linux-x86_64-fedora-gcc, r-patched-solaris-x86, r-release-macos-x86_64, r-oldrel-macos-x86_64

Version: 1.25
Check: dependencies in R code
Result: NOTE
    No protocol specified
    No protocol specified
Flavor: r-oldrel-macos-x86_64

Version: 1.25
Check: tests
Result: ERROR
     Running ‘testthat.R’ [28s/28s]
    Running the tests in ‘tests/testthat.R’ failed.
    Last 13 lines of output:
     x[1]: "+proj=longlat +datum=WGS84 +no_defs +ellps=WGS84 +towgs84=0,0,0"
     y[1]: "+proj=longlat +datum=WGS84 +no_defs"
    
     No protocol specified
     No protocol specified
     ── Warning (test-textureTriangleSummary.R:12:3): textureTriangleSummary() works
     couldn't connect to display ":0"
    
     ══ testthat results ═══════════════════════════════════════════════════════════
     FAILURE (test-SPC-objects.R:218:3): SPC spatial operations
     Warning (test-textureTriangleSummary.R:12:3): textureTriangleSummary() works as expected
    
     [ FAIL 1 | WARN 1 | SKIP 0 | PASS 908 ]
     Error: Test failures
     Execution halted
Flavor: r-oldrel-macos-x86_64