CRAN Package Check Results for Package ar.matrix

Last updated on 2024-06-13 14:48:51 CEST.

Flavor Version Tinstall Tcheck Ttotal Status Flags
r-devel-linux-x86_64-debian-clang 0.1.0 2.32 33.39 35.71 OK
r-devel-linux-x86_64-debian-gcc 0.1.0 1.84 20.89 22.73 ERROR
r-devel-linux-x86_64-fedora-clang 0.1.0 44.64 NOTE
r-devel-linux-x86_64-fedora-gcc 0.1.0 42.04 NOTE
r-devel-windows-x86_64 0.1.0 3.00 47.00 50.00 OK
r-patched-linux-x86_64 0.1.0 2.79 30.67 33.46 OK
r-release-linux-x86_64 0.1.0 2.58 31.11 33.69 OK
r-release-macos-arm64 0.1.0 19.00 OK
r-release-macos-x86_64 0.1.0 29.00 OK
r-release-windows-x86_64 0.1.0 3.00 48.00 51.00 OK
r-oldrel-macos-arm64 0.1.0 22.00 OK
r-oldrel-macos-x86_64 0.1.0 30.00 OK
r-oldrel-windows-x86_64 0.1.0 3.00 52.00 55.00 OK

Check Details

Version: 0.1.0
Check: package dependencies
Result: NOTE Package suggested but not available for checking: ‘ggplot2’ Flavor: r-devel-linux-x86_64-debian-gcc

Version: 0.1.0
Check: examples
Result: ERROR Running examples in ‘ar.matrix-Ex.R’ failed The error most likely occurred in: > base::assign(".ptime", proc.time(), pos = "CheckExEnv") > ### Name: Q.AR1 > ### Title: Precision matrix for an AR1 process > ### Aliases: Q.AR1 r.AR1 > > ### ** Examples > > require("ggplot2") Loading required package: ggplot2 Warning in library(package, lib.loc = lib.loc, character.only = TRUE, logical.return = TRUE, : there is no package called ‘ggplot2’ > # simulate AR1 GMRF > obs <- r.AR1(100, M=30, sigma=1, rho=.98) > # resulting matrix is n x M > dim(obs) [1] 100 30 > # subtract off the first time point to more easily observe correlation > obs_adj <- obs - obs[,1] > # move objects to a data frame > ar1_df <- data.frame(obs=c(t(obs_adj)), realization=rep(1:100, each=30), + time=rep(1:30, 100)) > # plot each realization > ggplot(data=ar1_df, aes(time, obs, group=realization, color=realization)) + + geom_line() Error in ggplot(data = ar1_df, aes(time, obs, group = realization, color = realization)) : could not find function "ggplot" Execution halted Flavor: r-devel-linux-x86_64-debian-gcc

Version: 0.1.0
Check: dependencies in R code
Result: NOTE Namespace in Imports field not imported from: ‘sp’ All declared Imports should be used. Flavors: r-devel-linux-x86_64-fedora-clang, r-devel-linux-x86_64-fedora-gcc