CRAN Package Check Results for Package ar.matrix

Last updated on 2020-12-04 01:50:56 CET.

Flavor Version Tinstall Tcheck Ttotal Status Flags
r-devel-linux-x86_64-debian-clang 0.1.0 3.17 32.59 35.76 OK
r-devel-linux-x86_64-debian-gcc 0.1.0 2.57 26.96 29.53 OK
r-devel-linux-x86_64-fedora-clang 0.1.0 47.49 NOTE
r-devel-linux-x86_64-fedora-gcc 0.1.0 37.37 NOTE
r-devel-windows-ix86+x86_64 0.1.0 7.00 48.00 55.00 OK
r-patched-linux-x86_64 0.1.0 2.88 31.17 34.05 OK
r-patched-solaris-x86 0.1.0 55.20 NOTE
r-release-linux-x86_64 0.1.0 3.16 30.91 34.07 OK
r-release-macos-x86_64 0.1.0 NOTE
r-release-windows-ix86+x86_64 0.1.0 5.00 36.00 41.00 OK
r-oldrel-macos-x86_64 0.1.0 NOTE
r-oldrel-windows-ix86+x86_64 0.1.0 3.00 48.00 51.00 OK

Check Details

Version: 0.1.0
Check: dependencies in R code
Result: NOTE
    Namespace in Imports field not imported from: ‘sp’
     All declared Imports should be used.
Flavors: r-devel-linux-x86_64-fedora-clang, r-devel-linux-x86_64-fedora-gcc, r-patched-solaris-x86, r-release-macos-x86_64, r-oldrel-macos-x86_64