CRAN Package Check Results for Package arabicStemR

Last updated on 2020-12-01 23:48:21 CET.

Flavor Version Tinstall Tcheck Ttotal Status Flags
r-devel-linux-x86_64-debian-clang 1.2 3.18 30.38 33.56 OK
r-devel-linux-x86_64-debian-gcc 1.2 2.18 25.41 27.59 OK
r-devel-linux-x86_64-fedora-clang 1.2 47.06 NOTE
r-devel-linux-x86_64-fedora-gcc 1.2 37.67 NOTE
r-devel-windows-ix86+x86_64 1.2 6.00 47.00 53.00 OK
r-patched-linux-x86_64 1.2 2.74 30.66 33.40 OK
r-patched-solaris-x86 1.2 53.00 NOTE
r-release-linux-x86_64 1.2 2.55 30.31 32.86 OK
r-release-macos-x86_64 1.2 NOTE
r-release-windows-ix86+x86_64 1.2 4.00 50.00 54.00 OK
r-oldrel-macos-x86_64 1.2 NOTE
r-oldrel-windows-ix86+x86_64 1.2 5.00 51.00 56.00 OK

Check Details

Version: 1.2
Check: data for non-ASCII characters
Result: NOTE
     Note: found 1 marked UTF-8 string
Flavors: r-devel-linux-x86_64-fedora-clang, r-devel-linux-x86_64-fedora-gcc, r-patched-solaris-x86, r-release-macos-x86_64, r-oldrel-macos-x86_64