CRAN Package Check Results for Package archdata

Last updated on 2020-12-02 00:47:59 CET.

Flavor Version Tinstall Tcheck Ttotal Status Flags
r-devel-linux-x86_64-debian-clang 1.2 2.01 38.77 40.78 OK
r-devel-linux-x86_64-debian-gcc 1.2 1.49 29.84 31.33 OK
r-devel-linux-x86_64-fedora-clang 1.2 55.76 NOTE
r-devel-linux-x86_64-fedora-gcc 1.2 45.04 NOTE
r-devel-windows-ix86+x86_64 1.2 5.00 69.00 74.00 OK
r-patched-linux-x86_64 1.2 1.78 37.99 39.77 OK
r-patched-solaris-x86 1.2 80.20 NOTE
r-release-linux-x86_64 1.2 1.92 37.17 39.09 OK
r-release-macos-x86_64 1.2 NOTE
r-release-windows-ix86+x86_64 1.2 6.00 53.00 59.00 OK
r-oldrel-macos-x86_64 1.2 NOTE
r-oldrel-windows-ix86+x86_64 1.2 3.00 64.00 67.00 OK

Check Details

Version: 1.2
Check: data for non-ASCII characters
Result: NOTE
     Note: found 76 marked Latin-1 strings
Flavors: r-devel-linux-x86_64-fedora-clang, r-devel-linux-x86_64-fedora-gcc, r-patched-solaris-x86, r-release-macos-x86_64, r-oldrel-macos-x86_64