CRAN Package Check Results for Package archivist.github

Last updated on 2019-09-15 05:46:08 CEST.

Flavor Version Tinstall Tcheck Ttotal Status Flags
r-devel-linux-x86_64-debian-clang 0.2.6 5.85 48.11 53.96 OK
r-devel-linux-x86_64-debian-gcc 0.2.6 4.37 37.99 42.36 OK
r-devel-linux-x86_64-fedora-clang 0.2.6 64.14 OK
r-devel-linux-x86_64-fedora-gcc 0.2.6 62.09 OK
r-devel-windows-ix86+x86_64 0.2.6 3.00 7.00 10.00 ERROR
r-patched-linux-x86_64 0.2.6 5.30 46.21 51.51 OK
r-patched-solaris-x86 0.2.6 107.90 OK
r-release-linux-x86_64 0.2.6 4.58 46.04 50.62 OK
r-release-windows-ix86+x86_64 0.2.6 11.00 55.00 66.00 OK
r-release-osx-x86_64 0.2.6 OK
r-oldrel-windows-ix86+x86_64 0.2.6 12.00 75.00 87.00 OK
r-oldrel-osx-x86_64 0.2.6 OK

Check Details

Version: 0.2.6
Check: whether package can be installed
Result: ERROR
    Installation failed.
Flavor: r-devel-windows-ix86+x86_64