CRAN Package Check Results for Package arcos

Last updated on 2021-04-13 04:46:56 CEST.

Flavor Version Tinstall Tcheck Ttotal Status Flags
r-devel-linux-x86_64-debian-clang 1.27 6.16 125.19 131.35 NOTE
r-devel-linux-x86_64-debian-gcc 1.27 4.91 92.56 97.47 NOTE
r-devel-linux-x86_64-fedora-clang 1.27 159.15 NOTE
r-devel-linux-x86_64-fedora-gcc 1.27 150.34 NOTE
r-devel-windows-ix86+x86_64 1.27 15.00 173.00 188.00 NOTE
r-devel-windows-x86_64-gcc10-UCRT 1.27 NOTE
r-patched-linux-x86_64 1.27 5.89 118.03 123.92 OK
r-patched-solaris-x86 1.27 233.40 WARN
r-release-linux-x86_64 1.27 6.07 116.85 122.92 OK
r-release-macos-x86_64 1.27 WARN
r-release-windows-ix86+x86_64 1.27 21.00 175.00 196.00 OK
r-oldrel-macos-x86_64 1.27 WARN
r-oldrel-windows-ix86+x86_64 1.27 9.00 142.00 151.00 OK

Check Details

Version: 1.27
Check: LazyData
Result: NOTE
     'LazyData' is specified without a 'data' directory
Flavors: r-devel-linux-x86_64-debian-clang, r-devel-linux-x86_64-debian-gcc, r-devel-linux-x86_64-fedora-clang, r-devel-linux-x86_64-fedora-gcc, r-devel-windows-ix86+x86_64, r-devel-windows-x86_64-gcc10-UCRT

Version: 1.27
Check: dependencies in R code
Result: NOTE
    Namespaces in Imports field not imported from:
     ‘httr’ ‘tidyr’
     All declared Imports should be used.
Flavors: r-devel-linux-x86_64-fedora-clang, r-devel-linux-x86_64-fedora-gcc, r-devel-windows-x86_64-gcc10-UCRT, r-patched-solaris-x86, r-release-macos-x86_64, r-oldrel-macos-x86_64

Version: 1.27
Check: re-building of vignette outputs
Result: WARN
    Error(s) in re-building vignettes:
     ...
    --- re-building ‘annual-maps.Rmd’ using rmarkdown
    Warning in engine$weave(file, quiet = quiet, encoding = enc) :
     Pandoc (>= 1.12.3) and/or pandoc-citeproc not available. Falling back to R Markdown v1.
    --- finished re-building ‘annual-maps.Rmd’
    
    --- re-building ‘county-analysis.Rmd’ using rmarkdown
    Warning in engine$weave(file, quiet = quiet, encoding = enc) :
     Pandoc (>= 1.12.3) and/or pandoc-citeproc not available. Falling back to R Markdown v1.
    Joining, by = c("year", "countyfips")
    --- finished re-building ‘county-analysis.Rmd’
    
    --- re-building ‘individual-drug-mapping.Rmd’ using rmarkdown
    Warning in engine$weave(file, quiet = quiet, encoding = enc) :
     Pandoc (>= 1.12.3) and/or pandoc-citeproc not available. Falling back to R Markdown v1.
    `summarise()` has grouped output by 'BUYER_DEA_NO'. You can override using the `.groups` argument.
    Joining, by = "BUYER_DEA_NO"
    Joining, by = "BUYER_DEA_NO"
    Joining, by = c("BUYER_DEA_NO", "BUYER_STATE", "BUYER_COUNTY")
    Joining, by = "BUYER_DEA_NO"
    Quitting from lines 137-230 (individual-drug-mapping.Rmd)
    Error: processing vignette 'individual-drug-mapping.Rmd' failed with diagnostics:
    there is no package called 'webshot'
    --- failed re-building ‘individual-drug-mapping.Rmd’
    
    --- re-building ‘per-capita-pharmacies.Rmd’ using rmarkdown
    Warning in engine$weave(file, quiet = quiet, encoding = enc) :
     Pandoc (>= 1.12.3) and/or pandoc-citeproc not available. Falling back to R Markdown v1.
    --- finished re-building ‘per-capita-pharmacies.Rmd’
    
    --- re-building ‘suspicious-order-detection.Rmd’ using rmarkdown
    Warning in engine$weave(file, quiet = quiet, encoding = enc) :
     Pandoc (>= 1.12.3) and/or pandoc-citeproc not available. Falling back to R Markdown v1.
    Warning: Ignoring unknown parameters: opacity
    Warning: Ignoring unknown aesthetics: fill
    Warning: Removed 1 row(s) containing missing values (geom_path).
    Warning: Ignoring unknown parameters: opacity
    Warning: Ignoring unknown aesthetics: fill
    Warning: Removed 11 row(s) containing missing values (geom_path).
    --- finished re-building ‘suspicious-order-detection.Rmd’
    
    SUMMARY: processing the following file failed:
     ‘individual-drug-mapping.Rmd’
    
    Error: Vignette re-building failed.
    Execution halted
Flavor: r-patched-solaris-x86

Version: 1.27
Check: re-building of vignette outputs
Result: WARN
    Error(s) in re-building vignettes:
    --- re-building ‘annual-maps.Rmd’ using rmarkdown
    Warning in engine$weave(file, quiet = quiet, encoding = enc) :
     Pandoc (>= 1.12.3) and/or pandoc-citeproc not available. Falling back to R Markdown v1.
    --- finished re-building ‘annual-maps.Rmd’
    
    --- re-building ‘county-analysis.Rmd’ using rmarkdown
    Warning in engine$weave(file, quiet = quiet, encoding = enc) :
     Pandoc (>= 1.12.3) and/or pandoc-citeproc not available. Falling back to R Markdown v1.
    Joining, by = c("year", "countyfips")
    --- finished re-building ‘county-analysis.Rmd’
    
    --- re-building ‘individual-drug-mapping.Rmd’ using rmarkdown
    Warning in engine$weave(file, quiet = quiet, encoding = enc) :
     Pandoc (>= 1.12.3) and/or pandoc-citeproc not available. Falling back to R Markdown v1.
    `summarise()` has grouped output by 'BUYER_DEA_NO'. You can override using the `.groups` argument.
    Joining, by = "BUYER_DEA_NO"
    Joining, by = "BUYER_DEA_NO"
    Joining, by = c("BUYER_DEA_NO", "BUYER_STATE", "BUYER_COUNTY")
    Joining, by = "BUYER_DEA_NO"
    PhantomJS not found. You can install it with webshot::install_phantomjs(). If it is installed, please make sure the phantomjs executable can be found via the PATH variable.
    Quitting from lines 137-230 (individual-drug-mapping.Rmd)
    Error: processing vignette 'individual-drug-mapping.Rmd' failed with diagnostics:
    invalid 'path' argument
    --- failed re-building ‘individual-drug-mapping.Rmd’
    
    --- re-building ‘per-capita-pharmacies.Rmd’ using rmarkdown
    Warning in engine$weave(file, quiet = quiet, encoding = enc) :
     Pandoc (>= 1.12.3) and/or pandoc-citeproc not available. Falling back to R Markdown v1.
    --- finished re-building ‘per-capita-pharmacies.Rmd’
    
    --- re-building ‘suspicious-order-detection.Rmd’ using rmarkdown
    Warning in engine$weave(file, quiet = quiet, encoding = enc) :
     Pandoc (>= 1.12.3) and/or pandoc-citeproc not available. Falling back to R Markdown v1.
    Warning: Ignoring unknown parameters: opacity
    Warning: Ignoring unknown aesthetics: fill
    Warning: Removed 1 row(s) containing missing values (geom_path).
    Warning: Ignoring unknown parameters: opacity
    Warning: Ignoring unknown aesthetics: fill
    Warning: Removed 11 row(s) containing missing values (geom_path).
    --- finished re-building ‘suspicious-order-detection.Rmd’
    
    SUMMARY: processing the following file failed:
     ‘individual-drug-mapping.Rmd’
    
    Error: Vignette re-building failed.
    Execution halted
Flavors: r-release-macos-x86_64, r-oldrel-macos-x86_64