CRAN Package Check Results for Package arena2r

Last updated on 2023-09-30 11:51:34 CEST.

Flavor Version Tinstall Tcheck Ttotal Status Flags
r-devel-linux-x86_64-debian-clang 1.0.0 3.20 42.35 45.55 OK
r-devel-linux-x86_64-debian-gcc 1.0.0 2.38 31.79 34.17 OK
r-devel-linux-x86_64-fedora-clang 1.0.0 56.71 NOTE
r-devel-linux-x86_64-fedora-gcc 1.0.0 68.46 NOTE
r-devel-windows-x86_64 1.0.0 6.00 56.00 62.00 OK
r-patched-linux-x86_64 1.0.0 2.85 40.15 43.00 OK
r-release-linux-x86_64 1.0.0 3.35 41.25 44.60 OK
r-release-macos-arm64 1.0.0 29.00 OK
r-release-macos-x86_64 1.0.0 41.00 OK
r-release-windows-x86_64 1.0.0 6.00 62.00 68.00 OK
r-oldrel-macos-arm64 1.0.0 23.00 NOTE
r-oldrel-macos-x86_64 1.0.0 43.00 NOTE
r-oldrel-windows-x86_64 1.0.0 7.00 62.00 69.00 OK

Check Details

Version: 1.0.0
Check: dependencies in R code
Result: NOTE
    Namespaces in Imports field not imported from:
     ‘purrr’ ‘shinyBS’ ‘shinydashboard’ ‘shinyjs’
     All declared Imports should be used.
Flavors: r-devel-linux-x86_64-fedora-clang, r-devel-linux-x86_64-fedora-gcc, r-oldrel-macos-arm64, r-oldrel-macos-x86_64