CRAN Package Check Results for Package arena2r

Last updated on 2022-10-04 15:52:05 CEST.

Flavor Version Tinstall Tcheck Ttotal Status Flags
r-devel-linux-x86_64-debian-clang 1.0.0 2.81 49.34 52.15 OK
r-devel-linux-x86_64-debian-gcc 1.0.0 2.47 37.38 39.85 OK
r-devel-linux-x86_64-fedora-clang 1.0.0 76.91 NOTE
r-devel-linux-x86_64-fedora-gcc 1.0.0 74.41 NOTE
r-devel-windows-x86_64 1.0.0 30.00 92.00 122.00 OK
r-patched-linux-x86_64 1.0.0 2.83 46.73 49.56 OK
r-release-linux-x86_64 1.0.0 3.39 46.64 50.03 OK
r-release-macos-arm64 1.0.0 23.00 NOTE
r-release-macos-x86_64 1.0.0 43.00 NOTE
r-release-windows-x86_64 1.0.0 20.00 76.00 96.00 OK
r-oldrel-macos-arm64 1.0.0 31.00 NOTE
r-oldrel-macos-x86_64 1.0.0 36.00 NOTE
r-oldrel-windows-ix86+x86_64 1.0.0 10.00 72.00 82.00 OK

Check Details

Version: 1.0.0
Check: dependencies in R code
Result: NOTE
    Namespaces in Imports field not imported from:
     ‘purrr’ ‘shinyBS’ ‘shinydashboard’ ‘shinyjs’
     All declared Imports should be used.
Flavors: r-devel-linux-x86_64-fedora-clang, r-devel-linux-x86_64-fedora-gcc, r-release-macos-arm64, r-release-macos-x86_64, r-oldrel-macos-arm64, r-oldrel-macos-x86_64