CRAN Package Check Results for Package arenar

Last updated on 2020-10-20 13:49:20 CEST.

Flavor Version Tinstall Tcheck Ttotal Status Flags
r-devel-linux-x86_64-debian-clang 0.2.0 4.29 97.67 101.96 OK
r-devel-linux-x86_64-debian-gcc 0.2.0 3.21 75.81 79.02 OK
r-devel-linux-x86_64-fedora-clang 0.2.0 126.29 OK
r-devel-linux-x86_64-fedora-gcc 0.2.0 115.26 OK
r-devel-windows-ix86+x86_64 0.2.0 7.00 75.00 82.00 OK
r-patched-linux-x86_64 0.2.0 2.93 94.22 97.15 OK
r-patched-solaris-x86 0.2.0 1047.60 NOTE
r-release-linux-x86_64 0.2.0 3.94 94.57 98.51 OK
r-release-macos-x86_64 0.2.0 OK
r-release-windows-ix86+x86_64 0.2.0 9.00 107.00 116.00 OK
r-oldrel-macos-x86_64 0.2.0 OK
r-oldrel-windows-ix86+x86_64 0.2.0 5.00 94.00 99.00 OK

Check Details

Version: 0.2.0
Check: package dependencies
Result: NOTE
    Package suggested but not available for checking: ‘pkgdown’
Flavor: r-patched-solaris-x86