CRAN Package Check Results for Package arenar

Last updated on 2022-08-15 04:50:09 CEST.

Flavor Version Tinstall Tcheck Ttotal Status Flags
r-devel-linux-x86_64-debian-clang 0.2.0 3.87 104.72 108.59 NOTE
r-devel-linux-x86_64-debian-gcc 0.2.0 3.45 80.47 83.92 NOTE
r-devel-linux-x86_64-fedora-clang 0.2.0 134.09 NOTE
r-devel-linux-x86_64-fedora-gcc 0.2.0 130.40 NOTE
r-devel-windows-x86_64 0.2.0 29.00 142.00 171.00 NOTE
r-patched-linux-x86_64 0.2.0 3.97 99.38 103.35 NOTE
r-release-linux-x86_64 0.2.0 2.68 99.78 102.46 NOTE
r-release-macos-arm64 0.2.0 46.00 NOTE
r-release-macos-x86_64 0.2.0 90.00 NOTE
r-release-windows-x86_64 0.2.0 27.00 136.00 163.00 NOTE
r-oldrel-macos-arm64 0.2.0 51.00 NOTE
r-oldrel-macos-x86_64 0.2.0 87.00 NOTE
r-oldrel-windows-ix86+x86_64 0.2.0 10.00 124.00 134.00 NOTE

Check Details

Version: 0.2.0
Check: LazyData
Result: NOTE
     'LazyData' is specified without a 'data' directory
Flavors: r-devel-linux-x86_64-debian-clang, r-devel-linux-x86_64-debian-gcc, r-devel-linux-x86_64-fedora-clang, r-devel-linux-x86_64-fedora-gcc, r-devel-windows-x86_64, r-patched-linux-x86_64, r-release-linux-x86_64, r-release-macos-arm64, r-release-macos-x86_64, r-release-windows-x86_64, r-oldrel-macos-arm64, r-oldrel-macos-x86_64, r-oldrel-windows-ix86+x86_64