CRAN Package Check Results for Package argo

Last updated on 2022-10-03 04:59:21 CEST.

Flavor Version Tinstall Tcheck Ttotal Status Flags
r-devel-linux-x86_64-debian-clang 3.0.1 11.42 156.81 168.23 NOTE
r-devel-linux-x86_64-debian-gcc 3.0.1 10.19 116.28 126.47 NOTE
r-devel-linux-x86_64-fedora-clang 3.0.1 217.80 NOTE
r-devel-linux-x86_64-fedora-gcc 3.0.1 216.15 NOTE
r-devel-windows-x86_64 3.0.1 34.00 199.00 233.00 NOTE
r-patched-linux-x86_64 3.0.1 11.63 148.56 160.19 NOTE
r-release-linux-x86_64 3.0.1 12.15 147.72 159.87 NOTE
r-release-macos-arm64 3.0.1 53.00 NOTE
r-release-macos-x86_64 3.0.1 77.00 NOTE
r-release-windows-x86_64 3.0.1 23.00 198.00 221.00 NOTE
r-oldrel-macos-arm64 3.0.1 62.00 NOTE
r-oldrel-macos-x86_64 3.0.1 77.00 NOTE
r-oldrel-windows-ix86+x86_64 3.0.1 25.00 194.00 219.00 NOTE

Additional issues

donttest

Check Details

Version: 3.0.1
Check: LazyData
Result: NOTE
     'LazyData' is specified without a 'data' directory
Flavors: r-devel-linux-x86_64-debian-clang, r-devel-linux-x86_64-debian-gcc, r-devel-linux-x86_64-fedora-clang, r-devel-linux-x86_64-fedora-gcc, r-devel-windows-x86_64, r-patched-linux-x86_64, r-release-linux-x86_64, r-release-macos-arm64, r-release-macos-x86_64, r-release-windows-x86_64, r-oldrel-macos-arm64, r-oldrel-macos-x86_64, r-oldrel-windows-ix86+x86_64