CRAN Package Check Results for Package argonDash

Last updated on 2019-09-18 21:46:08 CEST.

Flavor Version Tinstall Tcheck Ttotal Status Flags
r-devel-linux-x86_64-debian-clang 0.1.0 2.62 17.60 20.22 OK
r-devel-linux-x86_64-debian-gcc 0.1.0 2.14 14.53 16.67 OK
r-devel-linux-x86_64-fedora-clang 0.1.0 25.25 OK
r-devel-linux-x86_64-fedora-gcc 0.1.0 24.51 OK
r-devel-windows-ix86+x86_64 0.1.0 12.00 31.00 43.00 OK
r-patched-linux-x86_64 0.1.0 2.35 17.80 20.15 OK
r-patched-solaris-x86 0.1.0 54.60 NOTE
r-release-linux-x86_64 0.1.0 2.33 17.64 19.97 OK
r-release-windows-ix86+x86_64 0.1.0 5.00 29.00 34.00 OK
r-release-osx-x86_64 0.1.0 OK
r-oldrel-windows-ix86+x86_64 0.1.0 4.00 31.00 35.00 OK
r-oldrel-osx-x86_64 0.1.0 OK

Check Details

Version: 0.1.0
Check: installed package size
Result: NOTE
     installed size is 5.4Mb
     sub-directories of 1Mb or more:
     fontawesome-5.3.1 2.8Mb
     help 1.5Mb
Flavor: r-patched-solaris-x86