CRAN Package Check Results for Package argonDash

Last updated on 2023-12-02 05:49:47 CET.

Flavor Version Tinstall Tcheck Ttotal Status Flags
r-devel-linux-x86_64-debian-clang 0.2.0 2.57 24.97 27.54 NOTE
r-devel-linux-x86_64-debian-gcc 0.2.0 2.26 19.95 22.21 NOTE
r-devel-linux-x86_64-fedora-clang 0.2.0 37.11 NOTE
r-devel-linux-x86_64-fedora-gcc 0.2.0 34.31 NOTE
r-devel-windows-x86_64 0.2.0 5.00 57.00 62.00 NOTE
r-patched-linux-x86_64 0.2.0 7.28 25.04 32.32 NOTE
r-release-linux-x86_64 0.2.0 2.85 24.90 27.75 NOTE
r-release-macos-arm64 0.2.0 19.00 NOTE
r-release-macos-x86_64 0.2.0 24.00 NOTE
r-release-windows-x86_64 0.2.0 6.00 48.00 54.00 NOTE
r-oldrel-macos-arm64 0.2.0 18.00 NOTE
r-oldrel-macos-x86_64 0.2.0 27.00 NOTE
r-oldrel-windows-x86_64 0.2.0 5.00 51.00 56.00 NOTE

Check Details

Version: 0.2.0
Check: LazyData
Result: NOTE 'LazyData' is specified without a 'data' directory Flavors: r-devel-linux-x86_64-debian-clang, r-devel-linux-x86_64-debian-gcc, r-devel-linux-x86_64-fedora-clang, r-devel-linux-x86_64-fedora-gcc, r-devel-windows-x86_64, r-patched-linux-x86_64, r-release-linux-x86_64, r-release-macos-arm64, r-release-macos-x86_64, r-release-windows-x86_64, r-oldrel-macos-arm64, r-oldrel-macos-x86_64, r-oldrel-windows-x86_64