CRAN Package Check Results for Package argonR

Last updated on 2023-11-30 07:52:28 CET.

Flavor Version Tinstall Tcheck Ttotal Status Flags
r-devel-linux-x86_64-debian-clang 0.2.0 4.45 31.90 36.35 NOTE
r-devel-linux-x86_64-debian-gcc 0.2.0 3.40 25.21 28.61 NOTE
r-devel-linux-x86_64-fedora-clang 0.2.0 48.80 NOTE
r-devel-linux-x86_64-fedora-gcc 0.2.0 57.32 NOTE
r-devel-windows-x86_64 0.2.0 5.00 55.00 60.00 NOTE
r-patched-linux-x86_64 0.2.0 5.25 31.71 36.96 NOTE
r-release-linux-x86_64 0.2.0 3.30 31.54 34.84 NOTE
r-release-macos-arm64 0.2.0 27.00 NOTE
r-release-macos-x86_64 0.2.0 37.00 NOTE
r-release-windows-x86_64 0.2.0 7.00 57.00 64.00 NOTE
r-oldrel-macos-arm64 0.2.0 23.00 NOTE
r-oldrel-macos-x86_64 0.2.0 26.00 NOTE
r-oldrel-windows-x86_64 0.2.0 6.00 53.00 59.00 NOTE

Check Details

Version: 0.2.0
Check: LazyData
Result: NOTE 'LazyData' is specified without a 'data' directory Flavors: r-devel-linux-x86_64-debian-clang, r-devel-linux-x86_64-debian-gcc, r-devel-linux-x86_64-fedora-clang, r-devel-linux-x86_64-fedora-gcc, r-devel-windows-x86_64, r-patched-linux-x86_64, r-release-linux-x86_64, r-release-macos-arm64, r-release-macos-x86_64, r-release-windows-x86_64, r-oldrel-macos-arm64, r-oldrel-macos-x86_64, r-oldrel-windows-x86_64