Last updated on 2022-08-10 17:49:59 CEST.
Flavor | Version | Tinstall | Tcheck | Ttotal | Status | Flags |
---|---|---|---|---|---|---|
r-devel-linux-x86_64-debian-clang | 0.3.5 | 6.01 | 59.27 | 65.28 | NOTE | |
r-devel-linux-x86_64-debian-gcc | 0.3.5 | 5.04 | 45.15 | 50.19 | NOTE | |
r-devel-linux-x86_64-fedora-clang | 0.3.5 | 90.61 | NOTE | |||
r-devel-linux-x86_64-fedora-gcc | 0.3.5 | 90.63 | NOTE | |||
r-devel-windows-x86_64 | 0.3.5 | 18.00 | 84.00 | 102.00 | NOTE | |
r-patched-linux-x86_64 | 0.3.5 | 7.54 | 57.48 | 65.02 | NOTE | |
r-release-linux-x86_64 | 0.3.5 | NOTE | ||||
r-release-macos-arm64 | 0.3.5 | 28.00 | NOTE | |||
r-release-macos-x86_64 | 0.3.5 | 43.00 | NOTE | |||
r-release-windows-x86_64 | 0.3.5 | 16.00 | 89.00 | 105.00 | NOTE | |
r-oldrel-macos-arm64 | 0.3.5 | 33.00 | NOTE | |||
r-oldrel-macos-x86_64 | 0.3.5 | 39.00 | NOTE | |||
r-oldrel-windows-ix86+x86_64 | 0.3.5 | 15.00 | 80.00 | 95.00 | NOTE |
Version: 0.3.5
Check: LazyData
Result: NOTE
'LazyData' is specified without a 'data' directory
Flavors: r-devel-linux-x86_64-debian-clang, r-devel-linux-x86_64-debian-gcc, r-devel-linux-x86_64-fedora-clang, r-devel-linux-x86_64-fedora-gcc, r-devel-windows-x86_64, r-patched-linux-x86_64, r-release-linux-x86_64, r-release-macos-arm64, r-release-macos-x86_64, r-release-windows-x86_64, r-oldrel-macos-arm64, r-oldrel-macos-x86_64, r-oldrel-windows-ix86+x86_64