CRAN Package Check Results for Package arm

Last updated on 2020-12-04 01:50:56 CET.

Flavor Version Tinstall Tcheck Ttotal Status Flags
r-devel-linux-x86_64-debian-clang 1.11-2 17.75 127.90 145.65 OK
r-devel-linux-x86_64-debian-gcc 1.11-2 12.59 95.70 108.29 OK
r-devel-linux-x86_64-fedora-clang 1.11-2 180.25 NOTE
r-devel-linux-x86_64-fedora-gcc 1.11-2 168.19 OK
r-devel-windows-ix86+x86_64 1.11-2 37.00 139.00 176.00 OK
r-patched-linux-x86_64 1.11-2 11.66 117.92 129.58 OK
r-patched-solaris-x86 1.11-2 232.40 OK
r-release-linux-x86_64 1.11-2 11.30 117.85 129.15 OK
r-release-macos-x86_64 1.11-2 OK
r-release-windows-ix86+x86_64 1.11-2 28.00 112.00 140.00 OK
r-oldrel-macos-x86_64 1.11-2 OK
r-oldrel-windows-ix86+x86_64 1.11-2 33.00 146.00 179.00 OK

Check Details

Version: 1.11-2
Check: Rd cross-references
Result: NOTE
    Undeclared packages ‘survey’, ‘Matching’ in Rd xrefs
Flavor: r-devel-linux-x86_64-fedora-clang