CRAN Package Check Results for Package armada

Last updated on 2019-09-18 21:46:08 CEST.

Flavor Version Tinstall Tcheck Ttotal Status Flags
r-devel-linux-x86_64-debian-clang 0.1.0 9.07 98.60 107.67 OK
r-devel-linux-x86_64-debian-gcc 0.1.0 7.86 77.88 85.74 OK
r-devel-linux-x86_64-fedora-clang 0.1.0 126.39 NOTE
r-devel-linux-x86_64-fedora-gcc 0.1.0 126.34 NOTE
r-devel-windows-ix86+x86_64 0.1.0 28.00 159.00 187.00 OK
r-patched-linux-x86_64 0.1.0 9.37 95.25 104.62 OK
r-patched-solaris-x86 0.1.0 184.30 NOTE
r-release-linux-x86_64 0.1.0 8.25 95.29 103.54 OK
r-release-windows-ix86+x86_64 0.1.0 21.00 100.00 121.00 OK
r-release-osx-x86_64 0.1.0 ERROR
r-oldrel-windows-ix86+x86_64 0.1.0 12.00 106.00 118.00 OK
r-oldrel-osx-x86_64 0.1.0 NOTE

Check Details

Version: 0.1.0
Check: dependencies in R code
Result: NOTE
    Namespace in Imports field not imported from: ‘mvtnorm’
     All declared Imports should be used.
Flavors: r-devel-linux-x86_64-fedora-clang, r-devel-linux-x86_64-fedora-gcc, r-patched-solaris-x86, r-oldrel-osx-x86_64

Version: 0.1.0
Check: package dependencies
Result: ERROR
    Packages required but not available:
     'FAMT', 'qvalue', 'impute', 'ComplexHeatmap'
    
    See section ‘The DESCRIPTION file’ in the ‘Writing R Extensions’
    manual.
Flavor: r-release-osx-x86_64