CRAN Package Check Results for Package armada

Last updated on 2020-12-02 00:47:59 CET.

Flavor Version Tinstall Tcheck Ttotal Status Flags
r-devel-linux-x86_64-debian-clang 0.1.0 22.69 176.57 199.26 OK
r-devel-linux-x86_64-debian-gcc 0.1.0 15.33 136.03 151.36 OK
r-devel-linux-x86_64-fedora-clang 0.1.0 243.17 NOTE
r-devel-linux-x86_64-fedora-gcc 0.1.0 231.71 NOTE
r-devel-windows-ix86+x86_64 0.1.0 25.00 144.00 169.00 OK
r-patched-linux-x86_64 0.1.0 18.69 164.84 183.53 OK
r-patched-solaris-x86 0.1.0 346.00 NOTE
r-release-linux-x86_64 0.1.0 9.86 110.48 120.34 OK
r-release-macos-x86_64 0.1.0 NOTE
r-release-windows-ix86+x86_64 0.1.0 28.00 106.00 134.00 OK
r-oldrel-macos-x86_64 0.1.0 NOTE
r-oldrel-windows-ix86+x86_64 0.1.0 19.00 135.00 154.00 OK

Check Details

Version: 0.1.0
Check: dependencies in R code
Result: NOTE
    Namespace in Imports field not imported from: ‘mvtnorm’
     All declared Imports should be used.
Flavors: r-devel-linux-x86_64-fedora-clang, r-devel-linux-x86_64-fedora-gcc, r-patched-solaris-x86, r-release-macos-x86_64, r-oldrel-macos-x86_64