CRAN Package Check Results for Package armspp

Last updated on 2022-08-10 14:48:56 CEST.

Flavor Version Tinstall Tcheck Ttotal Status Flags
r-devel-linux-x86_64-debian-clang 0.0.2 39.34 38.07 77.41 NOTE
r-devel-linux-x86_64-debian-gcc 0.0.2 28.54 28.98 57.52 NOTE
r-devel-linux-x86_64-fedora-clang 0.0.2 116.09 NOTE
r-devel-linux-x86_64-fedora-gcc 0.0.2 104.88 NOTE
r-devel-windows-x86_64 0.0.2 34.00 85.00 119.00 NOTE
r-patched-linux-x86_64 0.0.2 33.02 36.76 69.78 NOTE
r-release-linux-x86_64 0.0.2 NOTE
r-release-macos-arm64 0.0.2 31.00 NOTE
r-release-macos-x86_64 0.0.2 42.00 NOTE
r-release-windows-x86_64 0.0.2 36.00 89.00 125.00 NOTE
r-oldrel-macos-arm64 0.0.2 34.00 NOTE
r-oldrel-macos-x86_64 0.0.2 60.00 NOTE
r-oldrel-windows-ix86+x86_64 0.0.2 93.00 87.00 180.00 NOTE

Check Details

Version: 0.0.2
Check: LazyData
Result: NOTE
     'LazyData' is specified without a 'data' directory
Flavors: r-devel-linux-x86_64-debian-clang, r-devel-linux-x86_64-debian-gcc, r-devel-linux-x86_64-fedora-clang, r-devel-linux-x86_64-fedora-gcc, r-devel-windows-x86_64, r-patched-linux-x86_64, r-release-linux-x86_64, r-release-macos-arm64, r-release-macos-x86_64, r-release-windows-x86_64, r-oldrel-macos-arm64, r-oldrel-macos-x86_64, r-oldrel-windows-ix86+x86_64