CRAN Package Check Results for Package aroma.affymetrix

Last updated on 2020-12-01 23:48:21 CET.

Flavor Version Tinstall Tcheck Ttotal Status Flags
r-devel-linux-x86_64-debian-clang 3.2.0 76.79 300.01 376.80 OK
r-devel-linux-x86_64-debian-gcc 3.2.0 47.81 220.31 268.12 OK
r-devel-linux-x86_64-fedora-clang 3.2.0 442.87 NOTE
r-devel-linux-x86_64-fedora-gcc 3.2.0 441.71 OK
r-devel-windows-ix86+x86_64 3.2.0 95.00 314.00 409.00 NOTE
r-patched-linux-x86_64 3.2.0 52.85 277.45 330.30 OK
r-patched-solaris-x86 3.2.0 503.90 NOTE
r-release-linux-x86_64 3.2.0 53.17 276.92 330.09 OK
r-release-macos-x86_64 3.2.0 NOTE
r-release-windows-ix86+x86_64 3.2.0 64.00 233.00 297.00 NOTE
r-oldrel-macos-x86_64 3.2.0 NOTE
r-oldrel-windows-ix86+x86_64 3.2.0 68.00 293.00 361.00 NOTE

Check Details

Version: 3.2.0
Check: installed package size
Result: NOTE
     installed size is 5.8Mb
     sub-directories of 1Mb or more:
     R 2.3Mb
     help 1.1Mb
     testScripts 1.3Mb
Flavors: r-devel-linux-x86_64-fedora-clang, r-devel-windows-ix86+x86_64, r-patched-solaris-x86, r-release-macos-x86_64, r-release-windows-ix86+x86_64, r-oldrel-macos-x86_64, r-oldrel-windows-ix86+x86_64

Version: 3.2.0
Check: package dependencies
Result: NOTE
    Packages suggested but not available for checking:
     'pdInfoBuilder', 'AffymetrixDataTestFiles'
Flavor: r-release-macos-x86_64

Version: 3.2.0
Check: package dependencies
Result: NOTE
    Package suggested but not available for checking: ‘AffymetrixDataTestFiles’
Flavor: r-oldrel-macos-x86_64