CRAN Package Check Results for Package aroma.apd

Last updated on 2020-12-05 06:50:45 CET.

Flavor Version Tinstall Tcheck Ttotal Status Flags
r-devel-linux-x86_64-debian-clang 0.6.0 4.57 35.73 40.30 OK
r-devel-linux-x86_64-debian-gcc 0.6.0 3.73 30.29 34.02 OK
r-devel-linux-x86_64-fedora-clang 0.6.0 55.89 OK
r-devel-linux-x86_64-fedora-gcc 0.6.0 45.08 OK
r-devel-windows-ix86+x86_64 0.6.0 8.00 58.00 66.00 OK
r-patched-linux-x86_64 0.6.0 4.27 35.58 39.85 OK
r-patched-solaris-x86 0.6.0 72.40 OK
r-release-linux-x86_64 0.6.0 4.50 35.85 40.35 OK
r-release-macos-x86_64 0.6.0 OK
r-release-windows-ix86+x86_64 0.6.0 6.00 56.00 62.00 OK
r-oldrel-macos-x86_64 0.6.0 NOTE
r-oldrel-windows-ix86+x86_64 0.6.0 7.00 55.00 62.00 OK

Check Details

Version: 0.6.0
Check: package dependencies
Result: NOTE
    Package suggested but not available for checking: ‘affxparser’
Flavor: r-oldrel-macos-x86_64

Version: 0.6.0
Check: Rd cross-references
Result: NOTE
    Package unavailable to check Rd xrefs: ‘affxparser’
Flavor: r-oldrel-macos-x86_64