CRAN Package Check Results for Package aroma.cn

Last updated on 2020-12-02 00:47:59 CET.

Flavor Version Tinstall Tcheck Ttotal Status Flags
r-devel-linux-x86_64-debian-clang 1.6.1 16.50 84.00 100.50 OK
r-devel-linux-x86_64-debian-gcc 1.6.1 11.54 65.67 77.21 OK
r-devel-linux-x86_64-fedora-clang 1.6.1 125.14 OK
r-devel-linux-x86_64-fedora-gcc 1.6.1 117.72 OK
r-devel-windows-ix86+x86_64 1.6.1 24.00 103.00 127.00 OK
r-patched-linux-x86_64 1.6.1 12.31 81.17 93.48 OK
r-patched-solaris-x86 1.6.1 154.50 OK
r-release-linux-x86_64 1.6.1 13.01 80.47 93.48 OK
r-release-macos-x86_64 1.6.1 NOTE
r-release-windows-ix86+x86_64 1.6.1 26.00 75.00 101.00 OK
r-oldrel-macos-x86_64 1.6.1 NOTE
r-oldrel-windows-ix86+x86_64 1.6.1 17.00 96.00 113.00 OK

Check Details

Version: 1.6.1
Check: package dependencies
Result: NOTE
    Package suggested but not available for checking: ‘GLAD’
Flavors: r-release-macos-x86_64, r-oldrel-macos-x86_64