CRAN Package Check Results for Package arulesViz

Last updated on 2020-12-04 00:48:16 CET.

Flavor Version Tinstall Tcheck Ttotal Status Flags
r-devel-linux-x86_64-debian-clang 1.3-3 14.22 139.82 154.04 OK
r-devel-linux-x86_64-debian-gcc 1.3-3 12.42 104.87 117.29 OK
r-devel-linux-x86_64-fedora-clang 1.3-3 198.95 OK
r-devel-linux-x86_64-fedora-gcc 1.3-3 183.43 OK
r-devel-windows-ix86+x86_64 1.3-3 32.00 169.00 201.00 OK
r-patched-linux-x86_64 1.3-3 15.08 131.36 146.44 OK
r-patched-solaris-x86 1.3-3 250.40 OK
r-release-linux-x86_64 1.3-3 13.76 131.02 144.78 OK
r-release-macos-x86_64 1.3-3 OK
r-release-windows-ix86+x86_64 1.3-3 25.00 132.00 157.00 OK
r-oldrel-macos-x86_64 1.3-3 NOTE
r-oldrel-windows-ix86+x86_64 1.3-3 34.00 161.00 195.00 OK

Check Details

Version: 1.3-3
Check: package dependencies
Result: NOTE
    Packages suggested but not available for checking: 'graph', 'Rgraphviz'
Flavor: r-oldrel-macos-x86_64