Last updated on 2022-08-11 09:53:11 CEST.
Flavor | Version | Tinstall | Tcheck | Ttotal | Status | Flags |
---|---|---|---|---|---|---|
r-devel-linux-x86_64-debian-clang | 1.0.0 | 5.42 | 30.86 | 36.28 | NOTE | |
r-devel-linux-x86_64-debian-gcc | 1.0.0 | 4.17 | 24.22 | 28.39 | NOTE | |
r-devel-linux-x86_64-fedora-clang | 1.0.0 | 53.92 | NOTE | |||
r-devel-linux-x86_64-fedora-gcc | 1.0.0 | 52.38 | NOTE | |||
r-devel-windows-x86_64 | 1.0.0 | 75.00 | 60.00 | 135.00 | NOTE | |
r-patched-linux-x86_64 | 1.0.0 | 4.51 | 28.92 | 33.43 | OK | |
r-release-linux-x86_64 | 1.0.0 | OK | ||||
r-release-macos-arm64 | 1.0.0 | 29.00 | NOTE | |||
r-release-macos-x86_64 | 1.0.0 | 29.00 | NOTE | |||
r-release-windows-x86_64 | 1.0.0 | 56.00 | 61.00 | 117.00 | OK | |
r-oldrel-macos-arm64 | 1.0.0 | 20.00 | NOTE | |||
r-oldrel-macos-x86_64 | 1.0.0 | 30.00 | NOTE | |||
r-oldrel-windows-ix86+x86_64 | 1.0.0 | 10.00 | 50.00 | 60.00 | OK |
Version: 1.0.0
Check: Rd files
Result: NOTE
checkRd: (-1) breast_cancer_clean_features.Rd:45: Escaped LaTeX specials: \&
Flavors: r-devel-linux-x86_64-debian-clang, r-devel-linux-x86_64-debian-gcc, r-devel-linux-x86_64-fedora-clang, r-devel-linux-x86_64-fedora-gcc, r-devel-windows-x86_64
Version: 1.0.0
Check: data for non-ASCII characters
Result: NOTE
Note: found 328 marked UTF-8 strings
Flavors: r-devel-linux-x86_64-fedora-clang, r-devel-linux-x86_64-fedora-gcc, r-release-macos-arm64, r-release-macos-x86_64, r-oldrel-macos-arm64, r-oldrel-macos-x86_64