CRAN Package Check Results for Package assertive.base

Last updated on 2022-01-24 23:54:20 CET.

Flavor Version Tinstall Tcheck Ttotal Status Flags
r-devel-linux-x86_64-debian-clang 0.0-9 2.48 36.43 38.91 NOTE
r-devel-linux-x86_64-debian-gcc 0.0-9 2.27 28.80 31.07 NOTE
r-devel-linux-x86_64-fedora-clang 0.0-9 49.28 NOTE
r-devel-linux-x86_64-fedora-gcc 0.0-9 40.44 NOTE
r-devel-windows-x86_64-new-UL 0.0-9 147.00 59.00 206.00 NOTE
r-devel-windows-x86_64-new-TK 0.0-9 NOTE
r-patched-linux-x86_64 0.0-9 3.16 35.66 38.82 NOTE
r-release-linux-x86_64 0.0-9 2.27 35.38 37.65 NOTE
r-release-macos-arm64 0.0-9 NOTE
r-release-macos-x86_64 0.0-9 NOTE
r-release-windows-ix86+x86_64 0.0-9 7.00 47.00 54.00 NOTE
r-oldrel-macos-x86_64 0.0-9 OK
r-oldrel-windows-ix86+x86_64 0.0-9 6.00 46.00 52.00 OK

Check Details

Version: 0.0-9
Check: LazyData
Result: NOTE
     'LazyData' is specified without a 'data' directory
Flavors: r-devel-linux-x86_64-debian-clang, r-devel-linux-x86_64-debian-gcc, r-devel-linux-x86_64-fedora-clang, r-devel-linux-x86_64-fedora-gcc, r-devel-windows-x86_64-new-UL, r-devel-windows-x86_64-new-TK, r-patched-linux-x86_64, r-release-linux-x86_64, r-release-macos-arm64, r-release-macos-x86_64, r-release-windows-ix86+x86_64

Version: 0.0-9
Check: Rd cross-references
Result: NOTE
    Undeclared packages ‘assertive.properties’, ‘assertive.types’ in Rd xrefs
Flavor: r-devel-linux-x86_64-fedora-clang