CRAN Package Check Results for Package assertive.sets

Last updated on 2022-01-22 22:52:03 CET.

Flavor Version Tinstall Tcheck Ttotal Status Flags
r-devel-linux-x86_64-debian-clang 0.0-3 1.22 31.53 32.75 NOTE
r-devel-linux-x86_64-debian-gcc 0.0-3 1.24 24.58 25.82 NOTE
r-devel-linux-x86_64-fedora-clang 0.0-3 41.70 NOTE
r-devel-linux-x86_64-fedora-gcc 0.0-3 30.42 NOTE
r-devel-windows-x86_64-new-UL 0.0-3 21.00 48.00 69.00 NOTE
r-devel-windows-x86_64-new-TK 0.0-3 NOTE
r-patched-linux-x86_64 0.0-3 1.87 30.50 32.37 NOTE
r-release-linux-x86_64 0.0-3 1.18 30.10 31.28 NOTE
r-release-macos-arm64 0.0-3 NOTE
r-release-macos-x86_64 0.0-3 NOTE
r-release-windows-ix86+x86_64 0.0-3 7.00 38.00 45.00 NOTE
r-oldrel-macos-x86_64 0.0-3 OK
r-oldrel-windows-ix86+x86_64 0.0-3 5.00 39.00 44.00 OK

Check Details

Version: 0.0-3
Check: LazyData
Result: NOTE
     'LazyData' is specified without a 'data' directory
Flavors: r-devel-linux-x86_64-debian-clang, r-devel-linux-x86_64-debian-gcc, r-devel-linux-x86_64-fedora-clang, r-devel-linux-x86_64-fedora-gcc, r-devel-windows-x86_64-new-UL, r-devel-windows-x86_64-new-TK, r-patched-linux-x86_64, r-release-linux-x86_64, r-release-macos-arm64, r-release-macos-x86_64, r-release-windows-ix86+x86_64

Version: 0.0-3
Check: Rd cross-references
Result: NOTE
    Undeclared package ‘sets’ in Rd xrefs
Flavor: r-devel-linux-x86_64-fedora-clang