CRAN Package Check Results for Package auctestr

Last updated on 2022-01-28 02:50:51 CET.

Flavor Version Tinstall Tcheck Ttotal Status Flags
r-devel-linux-x86_64-debian-clang 1.0.0 4.09 56.14 60.23 OK
r-devel-linux-x86_64-debian-gcc 1.0.0 3.30 42.54 45.84 OK
r-devel-linux-x86_64-fedora-clang 1.0.0 73.41 NOTE
r-devel-linux-x86_64-fedora-gcc 1.0.0 66.05 NOTE
r-devel-windows-x86_64-new-UL 1.0.0 25.00 82.00 107.00 OK
r-devel-windows-x86_64-new-TK 1.0.0 NOTE
r-patched-linux-x86_64 1.0.0 3.95 50.88 54.83 OK
r-release-linux-x86_64 1.0.0 3.03 50.81 53.84 OK
r-release-macos-arm64 1.0.0 NOTE
r-release-macos-x86_64 1.0.0 NOTE
r-release-windows-ix86+x86_64 1.0.0 10.00 66.00 76.00 OK
r-oldrel-macos-x86_64 1.0.0 NOTE
r-oldrel-windows-ix86+x86_64 1.0.0 11.00 63.00 74.00 OK

Check Details

Version: 1.0.0
Check: dependencies in R code
Result: NOTE
    Namespace in Imports field not imported from: ‘tidyr’
     All declared Imports should be used.
Flavors: r-devel-linux-x86_64-fedora-clang, r-devel-linux-x86_64-fedora-gcc, r-devel-windows-x86_64-new-TK, r-release-macos-arm64, r-release-macos-x86_64, r-oldrel-macos-x86_64