CRAN Package Check Results for Package audubon

Last updated on 2022-10-02 17:51:35 CEST.

Flavor Version Tinstall Tcheck Ttotal Status Flags
r-devel-linux-x86_64-debian-clang 0.3.0 3.42 47.71 51.13 OK
r-devel-linux-x86_64-debian-gcc 0.3.0 3.28 36.47 39.75 OK
r-devel-linux-x86_64-fedora-clang 0.3.0 75.97 NOTE
r-devel-linux-x86_64-fedora-gcc 0.3.0 74.94 NOTE
r-devel-windows-x86_64 0.3.0 23.00 75.00 98.00 OK
r-patched-linux-x86_64 0.3.0 3.84 45.76 49.60 OK
r-release-linux-x86_64 0.3.0 2.91 45.29 48.20 OK
r-release-macos-arm64 0.3.0 23.00 NOTE
r-release-macos-x86_64 0.3.0 32.00 NOTE
r-release-windows-x86_64 0.3.0 12.00 73.00 85.00 OK
r-oldrel-macos-arm64 0.3.0 23.00 NOTE
r-oldrel-macos-x86_64 0.3.0 33.00 NOTE
r-oldrel-windows-ix86+x86_64 0.3.0 13.00 86.00 99.00 OK

Check Details

Version: 0.3.0
Check: data for non-ASCII characters
Result: NOTE
     Note: found 899 marked UTF-8 strings
Flavors: r-devel-linux-x86_64-fedora-clang, r-devel-linux-x86_64-fedora-gcc, r-release-macos-arm64, r-release-macos-x86_64, r-oldrel-macos-arm64, r-oldrel-macos-x86_64