Last updated on 2023-09-30 13:51:40 CEST.
Flavor | Version | Tinstall | Tcheck | Ttotal | Status | Flags |
---|---|---|---|---|---|---|
r-devel-linux-x86_64-debian-clang | 0.5.1 | 4.89 | 58.59 | 63.48 | OK | |
r-devel-linux-x86_64-debian-gcc | 0.5.1 | 3.44 | 45.51 | 48.95 | OK | |
r-devel-linux-x86_64-fedora-clang | 0.5.1 | 78.59 | NOTE | |||
r-devel-linux-x86_64-fedora-gcc | 0.5.1 | 79.98 | NOTE | |||
r-devel-windows-x86_64 | 0.5.1 | 7.00 | 70.00 | 77.00 | OK | |
r-patched-linux-x86_64 | 0.5.1 | 4.64 | 56.22 | 60.86 | OK | |
r-release-linux-x86_64 | 0.5.1 | 3.40 | 56.90 | 60.30 | OK | |
r-release-macos-arm64 | 0.5.1 | 28.00 | OK | |||
r-release-macos-x86_64 | 0.5.1 | 53.00 | OK | |||
r-release-windows-x86_64 | 0.5.1 | 8.00 | 75.00 | 83.00 | OK | |
r-oldrel-macos-arm64 | 0.5.1 | 54.00 | OK | |||
r-oldrel-macos-x86_64 | 0.5.1 | 41.00 | OK | |||
r-oldrel-windows-x86_64 | 0.5.1 | 9.00 | 79.00 | 88.00 | OK |
Version: 0.5.1
Check: data for non-ASCII characters
Result: NOTE
Note: found 54582 marked UTF-8 strings
Flavors: r-devel-linux-x86_64-fedora-clang, r-devel-linux-x86_64-fedora-gcc