CRAN Package Check Results for Package auto.pca

Last updated on 2023-06-03 03:57:27 CEST.

Flavor Version Tinstall Tcheck Ttotal Status Flags
r-devel-linux-x86_64-debian-clang 0.3 3.33 30.57 33.90 NOTE
r-devel-linux-x86_64-debian-gcc 0.3 2.19 23.62 25.81 NOTE
r-devel-linux-x86_64-fedora-clang 0.3 42.73 NOTE
r-devel-linux-x86_64-fedora-gcc 0.3 48.43 NOTE
r-devel-windows-x86_64 0.3 4.00 43.00 47.00 NOTE
r-patched-linux-x86_64 0.3 NOTE
r-release-linux-x86_64 0.3 2.30 29.52 31.82 NOTE
r-release-macos-arm64 0.3 15.00 NOTE
r-release-macos-x86_64 0.3 26.00 NOTE
r-release-windows-x86_64 0.3 4.00 45.00 49.00 NOTE
r-oldrel-macos-arm64 0.3 21.00 NOTE
r-oldrel-macos-x86_64 0.3 24.00 NOTE
r-oldrel-windows-x86_64 0.3 5.00 50.00 55.00 NOTE

Check Details

Version: 0.3
Check: LazyData
Result: NOTE
     'LazyData' is specified without a 'data' directory
Flavors: r-devel-linux-x86_64-debian-clang, r-devel-linux-x86_64-debian-gcc, r-devel-linux-x86_64-fedora-clang, r-devel-linux-x86_64-fedora-gcc, r-devel-windows-x86_64, r-patched-linux-x86_64, r-release-linux-x86_64, r-release-macos-arm64, r-release-macos-x86_64, r-release-windows-x86_64, r-oldrel-macos-arm64, r-oldrel-macos-x86_64, r-oldrel-windows-x86_64