Last updated on 2023-03-24 21:59:43 CET.
Flavor | Version | Tinstall | Tcheck | Ttotal | Status | Flags |
---|---|---|---|---|---|---|
r-devel-linux-x86_64-debian-clang | 1.0.0 | 8.90 | 74.19 | 83.09 | OK | |
r-devel-linux-x86_64-debian-gcc | 1.0.0 | 7.26 | 54.48 | 61.74 | OK | |
r-devel-linux-x86_64-fedora-clang | 1.0.0 | 102.90 | NOTE | |||
r-devel-linux-x86_64-fedora-gcc | 1.0.0 | 96.29 | NOTE | |||
r-devel-windows-x86_64 | 1.0.0 | 27.00 | 100.00 | 127.00 | OK | |
r-patched-linux-x86_64 | 1.0.0 | 7.85 | 74.26 | 82.11 | OK | |
r-release-linux-x86_64 | 1.0.0 | 7.90 | 73.47 | 81.37 | OK | |
r-release-macos-arm64 | 1.0.0 | 31.00 | NOTE | |||
r-release-macos-x86_64 | 1.0.0 | 40.00 | NOTE | |||
r-release-windows-x86_64 | 1.0.0 | 19.00 | 96.00 | 115.00 | OK | |
r-oldrel-macos-arm64 | 1.0.0 | 35.00 | NOTE | |||
r-oldrel-macos-x86_64 | 1.0.0 | 42.00 | NOTE | |||
r-oldrel-windows-ix86+x86_64 | 1.0.0 | 16.00 | 167.00 | 183.00 | OK |
Version: 1.0.0
Check: dependencies in R code
Result: NOTE
Namespace in Imports field not imported from: ‘usethis’
All declared Imports should be used.
Flavors: r-devel-linux-x86_64-fedora-clang, r-devel-linux-x86_64-fedora-gcc, r-release-macos-arm64, r-release-macos-x86_64, r-oldrel-macos-arm64, r-oldrel-macos-x86_64