CRAN Package Check Results for Package autoshiny

Last updated on 2022-08-14 02:51:38 CEST.

Flavor Version Tinstall Tcheck Ttotal Status Flags
r-devel-linux-x86_64-debian-clang 0.0.2 4.12 40.74 44.86 NOTE
r-devel-linux-x86_64-debian-gcc 0.0.2 3.12 31.97 35.09 NOTE
r-devel-linux-x86_64-fedora-clang 0.0.2 64.64 NOTE
r-devel-linux-x86_64-fedora-gcc 0.0.2 62.08 NOTE
r-devel-windows-x86_64 0.0.2 18.00 72.00 90.00 NOTE
r-patched-linux-x86_64 0.0.2 4.32 40.91 45.23 NOTE
r-release-linux-x86_64 0.0.2 3.51 39.87 43.38 NOTE
r-release-macos-arm64 0.0.2 21.00 NOTE
r-release-macos-x86_64 0.0.2 31.00 NOTE
r-release-windows-x86_64 0.0.2 25.00 70.00 95.00 NOTE
r-oldrel-macos-arm64 0.0.2 28.00 NOTE
r-oldrel-macos-x86_64 0.0.2 34.00 NOTE
r-oldrel-windows-ix86+x86_64 0.0.2 11.00 60.00 71.00 NOTE

Check Details

Version: 0.0.2
Check: LazyData
Result: NOTE
     'LazyData' is specified without a 'data' directory
Flavors: r-devel-linux-x86_64-debian-clang, r-devel-linux-x86_64-debian-gcc, r-devel-linux-x86_64-fedora-clang, r-devel-linux-x86_64-fedora-gcc, r-devel-windows-x86_64, r-patched-linux-x86_64, r-release-linux-x86_64, r-release-macos-arm64, r-release-macos-x86_64, r-release-windows-x86_64, r-oldrel-macos-arm64, r-oldrel-macos-x86_64, r-oldrel-windows-ix86+x86_64