CRAN Package Check Results for Package av

Last updated on 2022-10-05 06:51:16 CEST.

Flavor Version Tinstall Tcheck Ttotal Status Flags
r-devel-linux-x86_64-debian-clang 0.8.1 5.70 74.04 79.74 OK
r-devel-linux-x86_64-debian-gcc 0.8.1 4.32 57.05 61.37 OK
r-devel-linux-x86_64-fedora-clang 0.8.1 108.94 OK
r-devel-linux-x86_64-fedora-gcc 0.8.1 109.65 OK
r-devel-windows-x86_64 0.8.1 37.00 210.00 247.00 NOTE
r-patched-linux-x86_64 0.8.1 5.13 70.32 75.45 OK
r-release-linux-x86_64 0.8.1 4.64 69.98 74.62 OK
r-release-macos-arm64 0.8.1 45.00 NOTE
r-release-macos-x86_64 0.8.1 50.00 NOTE
r-release-windows-x86_64 0.8.1 62.00 202.00 264.00 NOTE
r-oldrel-macos-arm64 0.8.1 44.00 NOTE
r-oldrel-macos-x86_64 0.8.1 49.00 NOTE
r-oldrel-windows-ix86+x86_64 0.8.1 46.00 300.00 346.00 NOTE

Check Details

Version: 0.8.1
Check: installed package size
Result: NOTE
     installed size is 28.6Mb
     sub-directories of 1Mb or more:
     libs 27.8Mb
Flavors: r-devel-windows-x86_64, r-release-macos-arm64, r-release-macos-x86_64, r-release-windows-x86_64, r-oldrel-macos-arm64, r-oldrel-macos-x86_64, r-oldrel-windows-ix86+x86_64