CRAN Package Check Results for Package aws.lambda

Last updated on 2021-04-16 08:48:18 CEST.

Flavor Version Tinstall Tcheck Ttotal Status Flags
r-devel-linux-x86_64-debian-clang 0.2.0 2.60 26.09 28.69 NOTE
r-devel-linux-x86_64-debian-gcc 0.2.0 1.79 21.04 22.83 NOTE
r-devel-linux-x86_64-fedora-clang 0.2.0 44.87 NOTE
r-devel-linux-x86_64-fedora-gcc 0.2.0 34.66 NOTE
r-devel-windows-ix86+x86_64 0.2.0 10.00 58.00 68.00 NOTE
r-devel-windows-x86_64-gcc10-UCRT 0.2.0 NOTE
r-patched-linux-x86_64 0.2.0 2.52 26.07 28.59 OK
r-patched-solaris-x86 0.2.0 56.40 OK
r-release-linux-x86_64 0.2.0 2.15 25.90 28.05 OK
r-release-macos-x86_64 0.2.0 OK
r-release-windows-ix86+x86_64 0.2.0 16.00 63.00 79.00 OK
r-oldrel-macos-x86_64 0.2.0 OK
r-oldrel-windows-ix86+x86_64 0.2.0 8.00 56.00 64.00 OK

Check Details

Version: 0.2.0
Check: LazyData
Result: NOTE
     'LazyData' is specified without a 'data' directory
Flavors: r-devel-linux-x86_64-debian-clang, r-devel-linux-x86_64-debian-gcc, r-devel-linux-x86_64-fedora-clang, r-devel-linux-x86_64-fedora-gcc, r-devel-windows-ix86+x86_64, r-devel-windows-x86_64-gcc10-UCRT