CRAN Package Check Results for Package bWGR

Last updated on 2019-09-23 15:47:01 CEST.

Flavor Version Tinstall Tcheck Ttotal Status Flags
r-devel-linux-x86_64-debian-clang 1.6.5 46.32 28.17 74.49 OK
r-devel-linux-x86_64-debian-gcc 1.6.5 38.63 22.31 60.94 OK
r-devel-linux-x86_64-fedora-clang 1.6.5 93.61 NOTE
r-devel-linux-x86_64-fedora-gcc 1.6.5 96.53 OK
r-devel-windows-ix86+x86_64 1.6.5 90.00 83.00 173.00 OK
r-patched-linux-x86_64 1.6.5 43.80 27.39 71.19 OK
r-patched-solaris-x86 1.6.5 102.20 OK
r-release-linux-x86_64 1.6.5 44.13 27.86 71.99 OK
r-release-windows-ix86+x86_64 1.6.5 89.00 80.00 169.00 OK
r-release-osx-x86_64 1.6.5 OK
r-oldrel-windows-ix86+x86_64 1.6.5 58.00 59.00 117.00 OK
r-oldrel-osx-x86_64 1.6.5 OK

Check Details

Version: 1.6.5
Check: installed package size
Result: NOTE
     installed size is 5.7Mb
     sub-directories of 1Mb or more:
     libs 5.5Mb
Flavor: r-devel-linux-x86_64-fedora-clang