CRAN Package Check Results for Package bWGR

Last updated on 2020-07-09 21:48:24 CEST.

Flavor Version Tinstall Tcheck Ttotal Status Flags
r-devel-linux-x86_64-debian-clang 1.6.6 55.23 31.43 86.66 OK
r-devel-linux-x86_64-debian-gcc 1.6.6 37.85 24.82 62.67 OK
r-devel-linux-x86_64-fedora-clang 1.6.6 112.21 NOTE
r-devel-linux-x86_64-fedora-gcc 1.6.6 93.93 OK
r-devel-windows-ix86+x86_64 1.6.6 80.00 73.00 153.00 OK
r-patched-linux-x86_64 1.6.6 50.53 31.63 82.16 OK
r-patched-solaris-x86 1.6.6 104.20 OK
r-release-linux-x86_64 1.6.6 51.36 31.78 83.14 OK
r-release-osx-x86_64 1.6.6 NOTE
r-release-windows-ix86+x86_64 1.6.6 68.00 81.00 149.00 OK
r-oldrel-osx-x86_64 1.6.6 OK
r-oldrel-windows-ix86+x86_64 1.6.6 90.00 81.00 171.00 OK

Check Details

Version: 1.6.6
Check: installed package size
Result: NOTE
     installed size is 6.5Mb
     sub-directories of 1Mb or more:
     libs 6.3Mb
Flavors: r-devel-linux-x86_64-fedora-clang, r-release-osx-x86_64