CRAN Package Check Results for Package baRulho

Last updated on 2023-02-04 08:01:06 CET.

Flavor Version Tinstall Tcheck Ttotal Status Flags
r-devel-linux-x86_64-debian-clang 1.0.6 9.59 130.12 139.71 OK
r-devel-linux-x86_64-debian-gcc 1.0.6 7.39 94.64 102.03 OK
r-devel-linux-x86_64-fedora-clang 1.0.6 169.20 NOTE
r-devel-linux-x86_64-fedora-gcc 1.0.6 177.02 OK
r-devel-windows-x86_64 1.0.6 28.00 167.00 195.00 OK
r-patched-linux-x86_64 1.0.6 12.42 119.94 132.36 OK
r-release-linux-x86_64 1.0.6 9.25 124.31 133.56 OK
r-release-macos-arm64 1.0.6 71.00 OK
r-release-macos-x86_64 1.0.6 772.00 OK
r-release-windows-x86_64 1.0.6 25.00 181.00 206.00 OK
r-oldrel-macos-arm64 1.0.6 62.00 OK
r-oldrel-macos-x86_64 1.0.6 84.00 OK
r-oldrel-windows-ix86+x86_64 1.0.6 19.00 170.00 189.00 OK

Check Details

Version: 1.0.6
Check: Rd cross-references
Result: NOTE
    Undeclared package ‘Rraven’ in Rd xrefs
Flavor: r-devel-linux-x86_64-fedora-clang