Last updated on 2025-01-21 18:49:34 CET.
Flavor | Version | Tinstall | Tcheck | Ttotal | Status | Flags |
---|---|---|---|---|---|---|
r-devel-linux-x86_64-debian-clang | 0.1.5 | 55.92 | 340.73 | 396.65 | OK | |
r-devel-linux-x86_64-debian-gcc | 0.1.6 | 45.41 | 227.23 | 272.64 | OK | |
r-devel-linux-x86_64-fedora-clang | 0.1.6 | 718.36 | OK | |||
r-devel-linux-x86_64-fedora-gcc | 0.1.6 | 700.04 | OK | |||
r-devel-windows-x86_64 | 0.1.5 | 72.00 | 440.00 | 512.00 | OK | |
r-patched-linux-x86_64 | 0.1.5 | 55.54 | 325.62 | 381.16 | NOTE | |
r-release-linux-x86_64 | 0.1.5 | 58.92 | 320.27 | 379.19 | NOTE | |
r-release-macos-arm64 | 0.1.5 | 144.00 | NOTE | |||
r-release-macos-x86_64 | 0.1.5 | 212.00 | NOTE | |||
r-release-windows-x86_64 | 0.1.6 | 51.00 | 570.00 | 621.00 | NOTE | |
r-oldrel-macos-arm64 | 0.1.5 | 180.00 | NOTE | |||
r-oldrel-macos-x86_64 | 0.1.5 | 227.00 | NOTE | |||
r-oldrel-windows-x86_64 | 0.1.5 | 86.00 | 544.00 | 630.00 | NOTE |
Version: 0.1.5
Check: package dependencies
Result: NOTE
Package suggested but not available for checking: ‘lixoftConnectors’
Flavors: r-patched-linux-x86_64, r-release-linux-x86_64, r-release-macos-arm64, r-release-macos-x86_64, r-oldrel-macos-arm64, r-oldrel-macos-x86_64, r-oldrel-windows-x86_64
Version: 0.1.6
Check: package dependencies
Result: NOTE
Package suggested but not available for checking: 'lixoftConnectors'
Flavor: r-release-windows-x86_64