CRAN Package Check Results for Package babynames

Last updated on 2022-01-28 01:50:24 CET.

Flavor Version Tinstall Tcheck Ttotal Status Flags
r-devel-linux-x86_64-debian-clang 1.0.1 41.84 56.92 98.76 OK
r-devel-linux-x86_64-debian-gcc 1.0.1 39.08 45.59 84.67 OK
r-devel-linux-x86_64-fedora-clang 1.0.1 129.55 NOTE
r-devel-linux-x86_64-fedora-gcc 1.0.1 120.07 OK
r-devel-windows-x86_64-new-UL 1.0.1 57.00 88.00 145.00 NOTE
r-devel-windows-x86_64-new-TK 1.0.1 OK
r-patched-linux-x86_64 1.0.1 42.58 54.65 97.23 OK
r-release-linux-x86_64 1.0.1 39.24 55.97 95.21 OK
r-release-macos-arm64 1.0.1 NOTE
r-release-macos-x86_64 1.0.1 NOTE
r-release-windows-ix86+x86_64 1.0.1 57.00 69.00 126.00 NOTE
r-oldrel-macos-x86_64 1.0.1 NOTE
r-oldrel-windows-ix86+x86_64 1.0.1 58.00 69.00 127.00 NOTE

Check Details

Version: 1.0.1
Check: installed package size
Result: NOTE
     installed size is 5.4Mb
     sub-directories of 1Mb or more:
     data 5.3Mb
Flavors: r-devel-linux-x86_64-fedora-clang, r-devel-windows-x86_64-new-UL, r-release-macos-arm64, r-release-macos-x86_64, r-release-windows-ix86+x86_64, r-oldrel-macos-x86_64, r-oldrel-windows-ix86+x86_64