CRAN Package Check Results for Package bandsfdp

Last updated on 2025-01-17 21:49:26 CET.

Flavor Version Tinstall Tcheck Ttotal Status Flags
r-devel-linux-x86_64-debian-clang 1.1.0 2.63 20.73 23.36 OK
r-devel-linux-x86_64-debian-gcc 1.1.0 1.99 16.21 18.20 OK
r-devel-linux-x86_64-fedora-clang 1.1.0 40.57 OK
r-devel-linux-x86_64-fedora-gcc 1.1.0 39.74 OK
r-devel-windows-x86_64 1.1.0 4.00 43.00 47.00 OK
r-patched-linux-x86_64 1.1.0 3.08 19.43 22.51 NOTE
r-release-linux-x86_64 1.1.0 2.77 19.81 22.58 NOTE
r-release-macos-arm64 1.1.0 15.00 NOTE
r-release-macos-x86_64 1.1.0 23.00 NOTE
r-release-windows-x86_64 1.1.0 4.00 42.00 46.00 NOTE
r-oldrel-macos-arm64 1.1.0 18.00 NOTE
r-oldrel-macos-x86_64 1.1.0 35.00 NOTE
r-oldrel-windows-x86_64 1.1.0 5.00 43.00 48.00 NOTE

Check Details

Version: 1.1.0
Check: package dependencies
Result: NOTE Package suggested but not available for checking: ‘fdpbandsdata’ Flavors: r-patched-linux-x86_64, r-release-linux-x86_64, r-release-macos-arm64, r-release-macos-x86_64, r-release-windows-x86_64, r-oldrel-macos-arm64, r-oldrel-macos-x86_64, r-oldrel-windows-x86_64