CRAN Package Check Results for Package bartCause

Last updated on 2022-01-28 07:51:14 CET.

Flavor Version Tinstall Tcheck Ttotal Status Flags
r-devel-linux-x86_64-debian-clang 1.0-4 5.29 100.69 105.98 OK
r-devel-linux-x86_64-debian-gcc 1.0-4 6.12 75.43 81.55 OK
r-devel-linux-x86_64-fedora-clang 1.0-4 129.71 OK
r-devel-linux-x86_64-fedora-gcc 1.0-4 119.88 OK
r-devel-windows-x86_64-new-UL 1.0-4 53.00 112.00 165.00 OK
r-devel-windows-x86_64-new-TK 1.0-4 NOTE
r-patched-linux-x86_64 1.0-4 7.99 98.20 106.19 OK
r-release-linux-x86_64 1.0-4 7.16 94.35 101.51 OK
r-release-macos-arm64 1.0-4 OK
r-release-macos-x86_64 1.0-4 OK
r-release-windows-ix86+x86_64 1.0-4 11.00 106.00 117.00 OK
r-oldrel-macos-x86_64 1.0-4 OK
r-oldrel-windows-ix86+x86_64 1.0-4 12.00 108.00 120.00 OK

Check Details

Version: 1.0-4
Check: package dependencies
Result: NOTE
    Package suggested but not available for checking: 'lme4'
Flavor: r-devel-windows-x86_64-new-TK

Version: 1.0-4
Check: Rd cross-references
Result: NOTE
    Package unavailable to check Rd xrefs: 'lme4'
Flavor: r-devel-windows-x86_64-new-TK