CRAN Package Check Results for Package bastah

Last updated on 2022-01-16 22:51:06 CET.

Flavor Version Tinstall Tcheck Ttotal Status Flags
r-devel-linux-x86_64-debian-clang 1.0.7 7.07 74.25 81.32 NOTE
r-devel-linux-x86_64-debian-gcc 1.0.7 6.53 66.12 72.65 NOTE
r-devel-linux-x86_64-fedora-clang 1.0.7 100.23 NOTE
r-devel-linux-x86_64-fedora-gcc 1.0.7 91.01 NOTE
r-devel-windows-x86_64-new-UL 1.0.7 24.00 90.00 114.00 NOTE
r-devel-windows-x86_64-new-TK 1.0.7 NOTE
r-patched-linux-x86_64 1.0.7 8.09 72.25 80.34 NOTE
r-release-linux-x86_64 1.0.7 NOTE
r-release-macos-arm64 1.0.7 NOTE
r-release-macos-x86_64 1.0.7 NOTE
r-release-windows-ix86+x86_64 1.0.7 17.00 91.00 108.00 NOTE
r-oldrel-macos-x86_64 1.0.7 NOTE
r-oldrel-windows-ix86+x86_64 1.0.7 17.00 89.00 106.00 NOTE

Check Details

Version: 1.0.7
Check: package dependencies
Result: NOTE
    Package which this enhances but not available for checking: 'rPython'
Flavors: r-devel-linux-x86_64-debian-clang, r-devel-linux-x86_64-debian-gcc, r-devel-linux-x86_64-fedora-clang, r-devel-linux-x86_64-fedora-gcc, r-patched-linux-x86_64, r-release-linux-x86_64, r-release-macos-arm64, r-release-macos-x86_64, r-oldrel-macos-x86_64

Version: 1.0.7
Check: package dependencies
Result: NOTE
    Packages which this enhances but not available for checking:
     'doMC', 'rPython'
Flavors: r-devel-windows-x86_64-new-UL, r-devel-windows-x86_64-new-TK, r-release-windows-ix86+x86_64, r-oldrel-windows-ix86+x86_64