CRAN Package Check Results for Package bayMDS

Last updated on 2022-08-13 09:54:19 CEST.

Flavor Version Tinstall Tcheck Ttotal Status Flags
r-devel-linux-x86_64-debian-clang 1.6 37.80 50.57 88.37 OK
r-devel-linux-x86_64-debian-gcc 1.6 27.57 37.86 65.43 OK
r-devel-linux-x86_64-fedora-clang 1.6 128.95 NOTE
r-devel-linux-x86_64-fedora-gcc 1.6 118.57 NOTE
r-devel-windows-x86_64 1.6 35.00 102.00 137.00 OK
r-patched-linux-x86_64 1.6 31.34 48.02 79.36 OK
r-release-linux-x86_64 1.6 29.99 47.39 77.38 OK
r-release-macos-arm64 1.6 33.00 NOTE
r-release-macos-x86_64 1.6 55.00 NOTE
r-release-windows-x86_64 1.6 31.00 101.00 132.00 OK
r-oldrel-macos-arm64 1.6 33.00 NOTE
r-oldrel-macos-x86_64 1.6 45.00 NOTE
r-oldrel-windows-ix86+x86_64 1.6 90.00 121.00 211.00 OK

Check Details

Version: 1.6
Check: dependencies in R code
Result: NOTE
    Namespaces in Imports field not imported from:
     ‘gridExtra’ ‘rgl’
     All declared Imports should be used.
Flavors: r-devel-linux-x86_64-fedora-clang, r-devel-linux-x86_64-fedora-gcc, r-release-macos-arm64, r-release-macos-x86_64, r-oldrel-macos-arm64, r-oldrel-macos-x86_64