CRAN Package Check Results for Package bayesImageS

Last updated on 2022-01-25 00:49:42 CET.

Flavor Version Tinstall Tcheck Ttotal Status Flags
r-devel-linux-x86_64-debian-clang 0.6-1 72.49 118.93 191.42 OK
r-devel-linux-x86_64-debian-gcc 0.6-1 56.79 95.46 152.25 OK
r-devel-linux-x86_64-fedora-clang 0.6-1 258.30 NOTE
r-devel-linux-x86_64-fedora-gcc 0.6-1 243.75 OK
r-devel-windows-x86_64-new-UL 0.6-1 170.00 189.00 359.00 OK
r-devel-windows-x86_64-new-TK 0.6-1 OK
r-patched-linux-x86_64 0.6-1 63.40 117.65 181.05 OK
r-release-linux-x86_64 0.6-1 66.84 116.99 183.83 OK
r-release-macos-arm64 0.6-1 NOTE
r-release-macos-x86_64 0.6-1 NOTE
r-release-windows-ix86+x86_64 0.6-1 183.00 179.00 362.00 NOTE
r-oldrel-macos-x86_64 0.6-1 NOTE
r-oldrel-windows-ix86+x86_64 0.6-1 181.00 187.00 368.00 NOTE

Check Details

Version: 0.6-1
Check: installed package size
Result: NOTE
     installed size is 7.3Mb
     sub-directories of 1Mb or more:
     data 2.7Mb
     libs 3.8Mb
Flavors: r-devel-linux-x86_64-fedora-clang, r-release-macos-arm64, r-release-macos-x86_64, r-release-windows-ix86+x86_64, r-oldrel-macos-x86_64, r-oldrel-windows-ix86+x86_64

Version: 0.6-1
Check: package dependencies
Result: NOTE
    Package suggested but not available for checking: ‘PottsUtils’
Flavor: r-release-macos-arm64