CRAN Package Check Results for Package bayesPop

Last updated on 2019-09-23 17:47:00 CEST.

Flavor Version Tinstall Tcheck Ttotal Status Flags
r-devel-linux-x86_64-debian-clang 7.0-0 18.07 124.38 142.45 NOTE
r-devel-linux-x86_64-debian-gcc 7.0-0 13.61 95.15 108.76 NOTE
r-devel-linux-x86_64-fedora-clang 7.0-0 166.00 NOTE
r-devel-linux-x86_64-fedora-gcc 7.0-0 168.09 NOTE
r-devel-windows-ix86+x86_64 7.0-0 59.00 304.00 363.00 OK
r-patched-linux-x86_64 7.0-0 13.49 121.37 134.86 OK
r-patched-solaris-x86 7.0-0 235.90 OK
r-release-linux-x86_64 7.0-0 12.79 121.45 134.24 OK
r-release-windows-ix86+x86_64 7.0-0 62.00 309.00 371.00 OK
r-release-osx-x86_64 7.0-0 OK
r-oldrel-windows-ix86+x86_64 7.0-0 26.00 184.00 210.00 OK
r-oldrel-osx-x86_64 7.0-0 OK

Check Details

Version: 7.0-0
Check: for non-standard things in the check directory
Result: NOTE
    Found the following files/directories:
     'pop.trajectories'
Flavors: r-devel-linux-x86_64-debian-clang, r-devel-linux-x86_64-debian-gcc, r-devel-linux-x86_64-fedora-clang, r-devel-linux-x86_64-fedora-gcc