Last updated on 2021-02-28 00:48:39 CET.
Flavor | Version | Tinstall | Tcheck | Ttotal | Status | Flags |
---|---|---|---|---|---|---|
r-devel-linux-x86_64-debian-clang | 0.0.0.1 | 145.88 | 169.41 | 315.29 | NOTE | |
r-devel-linux-x86_64-debian-gcc | 0.0.0.1 | 119.41 | 128.35 | 247.76 | NOTE | |
r-devel-linux-x86_64-fedora-clang | 0.0.0.1 | 405.50 | NOTE | |||
r-devel-linux-x86_64-fedora-gcc | 0.0.0.1 | 424.38 | NOTE | |||
r-devel-windows-ix86+x86_64 | 0.0.0.1 | 213.00 | 323.00 | 536.00 | NOTE | |
r-patched-linux-x86_64 | 0.0.0.1 | 0.01 | 3.15 | 3.16 | ERROR | |
r-patched-solaris-x86 | 0.0.0.1 | 480.00 | NOTE | |||
r-release-linux-x86_64 | 0.0.0.1 | 117.30 | 172.96 | 290.26 | NOTE | |
r-release-macos-x86_64 | 0.0.0.1 | NOTE | ||||
r-release-windows-ix86+x86_64 | 0.0.0.1 | 312.00 | 411.00 | 723.00 | NOTE | |
r-oldrel-macos-x86_64 | 0.0.0.1 | NOTE | ||||
r-oldrel-windows-ix86+x86_64 | 0.0.0.1 | 210.00 | 398.00 | 608.00 | NOTE |
Version: 0.0.0.1
Check: for GNU extensions in Makefiles
Result: NOTE
GNU make is a SystemRequirements.
Flavors: r-devel-linux-x86_64-debian-clang, r-devel-linux-x86_64-debian-gcc, r-devel-linux-x86_64-fedora-clang, r-devel-linux-x86_64-fedora-gcc, r-devel-windows-ix86+x86_64, r-patched-solaris-x86, r-release-linux-x86_64, r-release-macos-x86_64, r-release-windows-ix86+x86_64, r-oldrel-macos-x86_64, r-oldrel-windows-ix86+x86_64
Version: 0.0.0.1
Check: installed package size
Result: NOTE
installed size is 34.2Mb
sub-directories of 1Mb or more:
libs 33.8Mb
Flavors: r-devel-linux-x86_64-fedora-clang, r-release-macos-x86_64, r-oldrel-macos-x86_64
Version: 0.0.0.1
Check: dependencies in R code
Result: NOTE
Namespaces in Imports field not imported from:
‘magrittr’ ‘rstantools’
All declared Imports should be used.
Flavors: r-devel-linux-x86_64-fedora-clang, r-devel-linux-x86_64-fedora-gcc, r-patched-solaris-x86, r-release-macos-x86_64, r-oldrel-macos-x86_64
Version: 0.0.0.1
Check: whether package can be installed
Result: ERROR
Installation failed.
Flavor: r-patched-linux-x86_64