CRAN Package Check Results for Package bayescopulareg

Last updated on 2024-07-20 19:52:44 CEST.

Flavor Version Tinstall Tcheck Ttotal Status Flags
r-devel-linux-x86_64-debian-clang 0.1.3 174.66 31.04 205.70 NOTE
r-devel-linux-x86_64-debian-gcc 0.1.3 119.30 24.04 143.34 NOTE
r-devel-linux-x86_64-fedora-clang 0.1.3 392.41 NOTE
r-devel-linux-x86_64-fedora-gcc 0.1.3 420.94 NOTE
r-devel-windows-x86_64 0.1.3 142.00 63.00 205.00 NOTE
r-patched-linux-x86_64 0.1.3 183.96 30.73 214.69 NOTE
r-release-linux-x86_64 0.1.3 179.58 30.93 210.51 NOTE
r-release-macos-arm64 0.1.3 62.00 NOTE
r-release-macos-x86_64 0.1.3 59.00 NOTE
r-release-windows-x86_64 0.1.3 173.00 64.00 237.00 NOTE
r-oldrel-macos-arm64 0.1.3 79.00 NOTE
r-oldrel-macos-x86_64 0.1.3 138.00 NOTE
r-oldrel-windows-x86_64 0.1.3 208.00 77.00 285.00 NOTE

Check Details

Version: 0.1.3
Check: C++ specification
Result: NOTE Specified C++11: please drop specification unless essential Flavors: r-devel-linux-x86_64-debian-clang, r-devel-linux-x86_64-debian-gcc, r-devel-linux-x86_64-fedora-clang, r-devel-linux-x86_64-fedora-gcc, r-devel-windows-x86_64, r-patched-linux-x86_64, r-release-linux-x86_64, r-release-macos-arm64, r-release-macos-x86_64, r-release-windows-x86_64, r-oldrel-macos-arm64, r-oldrel-macos-x86_64, r-oldrel-windows-x86_64

Version: 0.1.3
Check: installed package size
Result: NOTE installed size is 6.0Mb sub-directories of 1Mb or more: libs 5.9Mb Flavors: r-release-macos-arm64, r-release-macos-x86_64, r-oldrel-macos-arm64, r-oldrel-macos-x86_64