Last updated on 2022-08-09 22:57:33 CEST.
Flavor | Version | Tinstall | Tcheck | Ttotal | Status | Flags |
---|---|---|---|---|---|---|
r-devel-linux-x86_64-debian-clang | 1.2.0 | 641.05 | 267.33 | 908.38 | NOTE | |
r-devel-linux-x86_64-debian-gcc | 1.2.0 | 505.49 | 214.34 | 719.83 | NOTE | |
r-devel-linux-x86_64-fedora-clang | 1.2.0 | 1206.14 | NOTE | |||
r-devel-linux-x86_64-fedora-gcc | 1.2.0 | 1179.16 | NOTE | |||
r-devel-windows-x86_64 | 1.2.0 | 370.00 | 360.00 | 730.00 | NOTE | |
r-patched-linux-x86_64 | 1.2.0 | 0.03 | 3.75 | 3.78 | ERROR | |
r-release-linux-x86_64 | 1.2.0 | NOTE | ||||
r-release-macos-arm64 | 1.2.0 | 275.00 | NOTE | |||
r-release-macos-x86_64 | 1.2.0 | 277.00 | NOTE | |||
r-release-windows-x86_64 | 1.2.0 | 340.00 | 362.00 | 702.00 | NOTE | |
r-oldrel-macos-arm64 | 1.2.0 | 342.00 | NOTE | |||
r-oldrel-macos-x86_64 | 1.2.0 | 400.00 | NOTE | |||
r-oldrel-windows-ix86+x86_64 | 1.2.0 | 950.00 | 10.00 | 960.00 | ERROR |
Version: 1.2.0
Check: for GNU extensions in Makefiles
Result: NOTE
GNU make is a SystemRequirements.
Flavors: r-devel-linux-x86_64-debian-clang, r-devel-linux-x86_64-debian-gcc, r-devel-linux-x86_64-fedora-clang, r-devel-linux-x86_64-fedora-gcc, r-devel-windows-x86_64, r-release-linux-x86_64, r-release-macos-arm64, r-release-windows-x86_64, r-oldrel-macos-arm64, r-oldrel-macos-x86_64
Version: 1.2.0
Check: installed package size
Result: NOTE
installed size is 73.5Mb
sub-directories of 1Mb or more:
doc 1.0Mb
libs 72.0Mb
Flavors: r-devel-linux-x86_64-fedora-clang, r-devel-windows-x86_64, r-release-macos-arm64, r-release-macos-x86_64, r-release-windows-x86_64, r-oldrel-macos-arm64, r-oldrel-macos-x86_64
Version: 1.2.0
Check: dependencies in R code
Result: NOTE
Namespaces in Imports field not imported from:
‘RcppParallel’ ‘rstantools’
All declared Imports should be used.
Flavors: r-devel-linux-x86_64-fedora-clang, r-devel-linux-x86_64-fedora-gcc, r-release-macos-arm64, r-oldrel-macos-arm64, r-oldrel-macos-x86_64
Version: 1.2.0
Check: whether package can be installed
Result: ERROR
Installation failed.
Flavors: r-patched-linux-x86_64, r-oldrel-windows-ix86+x86_64