CRAN Package Check Results for Package bbl

Last updated on 2024-07-20 19:52:44 CEST.

Flavor Version Tinstall Tcheck Ttotal Status Flags
r-devel-linux-x86_64-debian-clang 1.0.0 33.98 216.50 250.48 OK
r-devel-linux-x86_64-debian-gcc 1.0.0 23.06 176.74 199.80 OK
r-devel-linux-x86_64-fedora-clang 1.0.0 349.66 OK
r-devel-linux-x86_64-fedora-gcc 1.0.0 386.44 OK
r-devel-windows-x86_64 1.0.0 33.00 346.00 379.00 OK
r-patched-linux-x86_64 1.0.0 46.08 218.22 264.30 OK
r-release-linux-x86_64 1.0.0 45.02 218.15 263.17 OK
r-release-macos-arm64 1.0.0 116.00 WARN
r-release-macos-x86_64 1.0.0 256.00 NOTE
r-release-windows-x86_64 1.0.0 43.00 348.00 391.00 OK
r-oldrel-macos-arm64 1.0.0 268.00 NOTE
r-oldrel-macos-x86_64 1.0.0 407.00 NOTE
r-oldrel-windows-x86_64 1.0.0 53.00 370.00 423.00 OK

Check Details

Version: 1.0.0
Check: installed package size
Result: NOTE installed size is 6.3Mb sub-directories of 1Mb or more: extdata 2.3Mb libs 3.4Mb Flavors: r-release-macos-arm64, r-release-macos-x86_64, r-oldrel-macos-arm64, r-oldrel-macos-x86_64

Version: 1.0.0
Check: re-building of vignette outputs
Result: WARN Error(s) in re-building vignettes: --- re-building ‘article.Rnw’ using Sweave Setting levels: control = No, case = Yes Loading required package: glmnet Loading required package: Matrix Loaded glmnet 4.1-8 Setting levels: control = No, case = Yes Setting levels: control = No, case = Yes Loading required package: Biostrings Loading required package: BiocGenerics Attaching package: 'BiocGenerics' The following objects are masked from 'package:stats': IQR, mad, sd, var, xtabs The following objects are masked from 'package:base': Filter, Find, Map, Position, Reduce, anyDuplicated, aperm, append, as.data.frame, basename, cbind, colnames, dirname, do.call, duplicated, eval, evalq, get, grep, grepl, intersect, is.unsorted, lapply, mapply, match, mget, order, paste, pmax, pmax.int, pmin, pmin.int, rank, rbind, rownames, sapply, setdiff, table, tapply, union, unique, unsplit, which.max, which.min Loading required package: S4Vectors Loading required package: stats4 Attaching package: 'S4Vectors' The following objects are masked from 'package:Matrix': expand, unname The following object is masked from 'package:utils': findMatches The following objects are masked from 'package:base': I, expand.grid, unname Loading required package: IRanges Loading required package: XVector Loading required package: GenomeInfoDb Attaching package: 'Biostrings' The following object is masked from 'package:base': strsplit Error: processing vignette 'article.Rnw' failed with diagnostics: Running 'texi2dvi' on 'article.tex' failed. LaTeX errors: !pdfTeX error: pdflatex (file bbm10): Font bbm10 at 657 not found ==> Fatal error occurred, no output PDF file produced! --- failed re-building 'article.Rnw' SUMMARY: processing the following file failed: 'article.Rnw' Error: Vignette re-building failed. Execution halted Flavor: r-release-macos-arm64

Version: 1.0.0
Check: re-building of vignette outputs
Result: NOTE Error(s) in re-building vignettes: --- re-building ‘article.Rnw’ using Sweave Setting levels: control = No, case = Yes Loading required package: glmnet Loading required package: Matrix Loaded glmnet 4.1-7 Setting levels: control = No, case = Yes Setting levels: control = No, case = Yes Loading required package: Biostrings Loading required package: BiocGenerics Attaching package: 'BiocGenerics' The following objects are masked from 'package:stats': IQR, mad, sd, var, xtabs The following objects are masked from 'package:base': Filter, Find, Map, Position, Reduce, anyDuplicated, aperm, append, as.data.frame, basename, cbind, colnames, dirname, do.call, duplicated, eval, evalq, get, grep, grepl, intersect, is.unsorted, lapply, mapply, match, mget, order, paste, pmax, pmax.int, pmin, pmin.int, rank, rbind, rownames, sapply, setdiff, sort, table, tapply, union, unique, unsplit, which.max, which.min Loading required package: S4Vectors Loading required package: stats4 Attaching package: 'S4Vectors' The following objects are masked from 'package:Matrix': expand, unname The following objects are masked from 'package:base': I, expand.grid, unname Loading required package: IRanges Loading required package: XVector Loading required package: GenomeInfoDb Attaching package: 'Biostrings' The following object is masked from 'package:base': strsplit Error: processing vignette 'article.Rnw' failed with diagnostics: Running 'texi2dvi' on 'article.tex' failed. LaTeX errors: !pdfTeX error: pdflatex (file bbm10): Font bbm10 at 657 not found ==> Fatal error occurred, no output PDF file produced! --- failed re-building 'article.Rnw' SUMMARY: processing the following file failed: 'article.Rnw' Error: Vignette re-building failed. Execution halted Flavor: r-oldrel-macos-arm64

Version: 1.0.0
Check: re-building of vignette outputs
Result: NOTE Error(s) in re-building vignettes: --- re-building ‘article.Rnw’ using Sweave Setting levels: control = No, case = Yes Loading required package: glmnet Loading required package: Matrix Loaded glmnet 4.1-7 Setting levels: control = No, case = Yes Setting levels: control = No, case = Yes Loading required package: Biostrings Loading required package: BiocGenerics Attaching package: 'BiocGenerics' The following objects are masked from 'package:stats': IQR, mad, sd, var, xtabs The following objects are masked from 'package:base': Filter, Find, Map, Position, Reduce, anyDuplicated, aperm, append, as.data.frame, basename, cbind, colnames, dirname, do.call, duplicated, eval, evalq, get, grep, grepl, intersect, is.unsorted, lapply, mapply, match, mget, order, paste, pmax, pmax.int, pmin, pmin.int, rank, rbind, rownames, sapply, setdiff, sort, table, tapply, union, unique, unsplit, which.max, which.min Loading required package: S4Vectors Loading required package: stats4 Attaching package: 'S4Vectors' The following objects are masked from 'package:Matrix': expand, unname The following object is masked from 'package:utils': findMatches The following objects are masked from 'package:base': I, expand.grid, unname Loading required package: IRanges Loading required package: XVector Loading required package: GenomeInfoDb Attaching package: 'Biostrings' The following object is masked from 'package:base': strsplit Error: processing vignette 'article.Rnw' failed with diagnostics: Running 'texi2dvi' on 'article.tex' failed. LaTeX errors: ! Font U/bbm/m/n/10.95=bbm10 at 10.95pt not loadable: Metric (TFM) file not found. <to be read again> relax l.186 =\sum_y\sum_{k \in \mathbbm{K} _y}w_k\ln P({\bf x}^k,y)\equiv \sum_y L_y, ! Emergency stop. <to be read again> relax l.186 =\sum_y\sum_{k \in \mathbbm{K} _y}w_k\ln P({\bf x}^k,y)\equiv \sum_y L_y, ! ==> Fatal error occurred, no output PDF file produced! --- failed re-building 'article.Rnw' SUMMARY: processing the following file failed: 'article.Rnw' Error: Vignette re-building failed. Execution halted Flavor: r-oldrel-macos-x86_64