CRAN Package Check Results for Package bcTSNE

Last updated on 2022-01-25 19:50:24 CET.

Flavor Version Tinstall Tcheck Ttotal Status Flags
r-devel-linux-x86_64-debian-clang 0.11.1 7.26 97.32 104.58 NOTE
r-devel-linux-x86_64-debian-gcc 0.11.1 7.90 84.25 92.15 NOTE
r-devel-linux-x86_64-fedora-clang 0.11.1 126.88 NOTE
r-devel-linux-x86_64-fedora-gcc 0.11.1 119.04 NOTE
r-devel-windows-x86_64-new-UL 0.11.1 29.00 132.00 161.00 NOTE
r-devel-windows-x86_64-new-TK 0.11.1 NOTE
r-patched-linux-x86_64 0.11.1 5.12 91.37 96.49 NOTE
r-release-linux-x86_64 0.11.1 5.31 88.42 93.73 NOTE
r-release-macos-arm64 0.11.1 NOTE
r-release-macos-x86_64 0.11.1 NOTE
r-release-windows-ix86+x86_64 0.11.1 23.00 142.00 165.00 NOTE
r-oldrel-macos-x86_64 0.11.1 ERROR
r-oldrel-windows-ix86+x86_64 0.11.1 22.00 133.00 155.00 NOTE

Check Details

Version: 0.11.1
Check: package dependencies
Result: NOTE
    Packages suggested but not available for checking:
     'kBET', 'lisi', 'dlfUtils'
Flavors: r-devel-linux-x86_64-debian-clang, r-devel-linux-x86_64-debian-gcc, r-devel-linux-x86_64-fedora-clang, r-devel-linux-x86_64-fedora-gcc, r-devel-windows-x86_64-new-UL, r-devel-windows-x86_64-new-TK, r-patched-linux-x86_64, r-release-linux-x86_64, r-release-macos-arm64, r-release-macos-x86_64, r-release-windows-ix86+x86_64, r-oldrel-windows-ix86+x86_64

Version: 0.11.1
Check: dependencies in R code
Result: NOTE
    Namespace in Imports field not imported from: ‘splatter’
     All declared Imports should be used.
Flavors: r-devel-linux-x86_64-fedora-clang, r-devel-linux-x86_64-fedora-gcc, r-devel-windows-x86_64-new-TK, r-release-macos-arm64, r-release-macos-x86_64

Version: 0.11.1
Check: package dependencies
Result: ERROR
    Package required but not available: ‘splatter’
    
    Packages suggested but not available for checking:
     'batchelor', 'kBET', 'lisi', 'dlfUtils'
    
    See section ‘The DESCRIPTION file’ in the ‘Writing R Extensions’
    manual.
Flavor: r-oldrel-macos-x86_64