CRAN Package Check Results for Package bdDwC

Last updated on 2022-09-27 16:54:33 CEST.

Flavor Version Tinstall Tcheck Ttotal Status Flags
r-devel-linux-x86_64-debian-clang 0.1.15 5.08 52.79 57.87 NOTE
r-devel-linux-x86_64-debian-gcc 0.1.15 4.50 40.07 44.57 NOTE
r-devel-linux-x86_64-fedora-clang 0.1.15 86.02 NOTE
r-devel-linux-x86_64-fedora-gcc 0.1.15 83.65 NOTE
r-devel-windows-x86_64 0.1.15 14.00 76.00 90.00 NOTE
r-patched-linux-x86_64 0.1.15 5.74 50.47 56.21 NOTE
r-release-linux-x86_64 0.1.15 5.93 49.98 55.91 NOTE
r-release-macos-arm64 0.1.15 20.00 NOTE
r-release-macos-x86_64 0.1.15 43.00 NOTE
r-release-windows-x86_64 0.1.15 9.00 82.00 91.00 NOTE
r-oldrel-macos-arm64 0.1.15 31.00 NOTE
r-oldrel-macos-x86_64 0.1.15 42.00 NOTE
r-oldrel-windows-ix86+x86_64 0.1.15 15.00 80.00 95.00 NOTE

Check Details

Version: 0.1.15
Check: LazyData
Result: NOTE
     'LazyData' is specified without a 'data' directory
Flavors: r-devel-linux-x86_64-debian-clang, r-devel-linux-x86_64-debian-gcc, r-devel-linux-x86_64-fedora-clang, r-devel-linux-x86_64-fedora-gcc, r-devel-windows-x86_64, r-patched-linux-x86_64, r-release-linux-x86_64, r-release-macos-arm64, r-release-macos-x86_64, r-release-windows-x86_64, r-oldrel-macos-arm64, r-oldrel-macos-x86_64, r-oldrel-windows-ix86+x86_64